{"id":979,"date":"2020-08-26T14:48:51","date_gmt":"2020-08-26T14:48:51","guid":{"rendered":"https:\/\/www.oknadverelacno.sk\/katalog\/ketszarnyu-muanyag-ablak-298-cm-x-172-cm-bny"},"modified":"2020-08-31T15:30:41","modified_gmt":"2020-08-31T15:30:41","slug":"ketszarnyu-muanyag-ablak-298-cm-x-172-cm-bny","status":"publish","type":"product","link":"https:\/\/www.oknadverelacno.sk\/hu\/katalog\/ketszarnyu-muanyag-ablak-298-cm-x-172-cm-bny","title":{"rendered":"K\u00e9tsz\u00e1rny\u00fa m\u0171anyag ablak 298 cm x 172 cm  B+Ny"},"content":{"rendered":"<ul>\n<li>M\u00e9retek sz\u00e9less\u00e9g\/magass\u00e1g<\/li>\n<li>M\u00e9retek cm-ben<\/li>\n<li>Az \u00e1rak tartalmazz\u00e1k az \u00c1FA-t.<\/li>\n<li>Re\u00e1lis term\u00e9kfot\u00f3k<\/li>\n<\/ul>\n","protected":false},"excerpt":{"rendered":"<p>Haszn\u00e1lt, k\u00e9tsz\u00e1rny\u00fa, feh\u00e9r, buk\u00f3-ny\u00edl\u00f3, m\u0171anyag ablak. Az ablak m\u00e9retei: 298 cm sz\u00e9les, 172 cm magas.<\/p>\n<p>Sz\u00e1rnyak: k\u00e9tsz\u00e1rny\u00fa<br \/>\nB+Ny: buk\u00f3-ny\u00edl\u00f3<br \/>\n\u00dcvegez\u00e9s: 2 r\u00e9teg\u0171 norm\u00e1l s\u00edk\u00fcveg<br \/>\nSz\u00edne: feh\u00e9r<br \/>\nM\u00e9retek:<br \/>\nsz\u00e9less\u00e9g 298 cm<br \/>\nmagass\u00e1g 172 cm<\/p>\n","protected":false},"featured_media":972,"template":"","meta":{"_et_pb_use_builder":"","_et_pb_old_content":"","_et_gb_content_width":""},"product_brand":[],"product_cat":[74,75],"product_tag":[148,115,157,123,147],"class_list":{"0":"post-979","1":"product","2":"type-product","3":"status-publish","4":"has-post-thumbnail","6":"product_cat-hasznalt-ablakok","7":"product_cat-hasznalt-muanyag-ablak-ket-szarnyu","8":"product_tag-buko-nyilo","9":"product_tag-feher","10":"product_tag-hasznalt","11":"product_tag-ketszarnyu","12":"product_tag-muanyag-ablak","14":"first","15":"outofstock","16":"shipping-taxable","17":"purchasable","18":"product-type-simple"},"_links":{"self":[{"href":"https:\/\/www.oknadverelacno.sk\/hu\/wp-json\/wp\/v2\/product\/979","targetHints":{"allow":["GET"]}}],"collection":[{"href":"https:\/\/www.oknadverelacno.sk\/hu\/wp-json\/wp\/v2\/product"}],"about":[{"href":"https:\/\/www.oknadverelacno.sk\/hu\/wp-json\/wp\/v2\/types\/product"}],"wp:featuredmedia":[{"embeddable":true,"href":"https:\/\/www.oknadverelacno.sk\/hu\/wp-json\/wp\/v2\/media\/972"}],"wp:attachment":[{"href":"https:\/\/www.oknadverelacno.sk\/hu\/wp-json\/wp\/v2\/media?parent=979"}],"wp:term":[{"taxonomy":"product_brand","embeddable":true,"href":"https:\/\/www.oknadverelacno.sk\/hu\/wp-json\/wp\/v2\/product_brand?post=979"},{"taxonomy":"product_cat","embeddable":true,"href":"https:\/\/www.oknadverelacno.sk\/hu\/wp-json\/wp\/v2\/product_cat?post=979"},{"taxonomy":"product_tag","embeddable":true,"href":"https:\/\/www.oknadverelacno.sk\/hu\/wp-json\/wp\/v2\/product_tag?post=979"}],"curies":[{"name":"wp","href":"https:\/\/api.w.org\/{rel}","templated":true}]}}

Kétszárnyú műanyag ablak 298 cm x 172 cm  B+Ny

<ul>
<li>Méretek szélesség/magasság</li>
<li>Méretek cm-ben</li>
<li>Az árak tartalmazzák az ÁFA-t.</li>
<li>Reális termékfotók</li>
</ul>

<p>Használt, kétszárnyú, fehér, bukó-nyíló, műanyag ablak. Az ablak méretei: 298 cm széles, 172 cm magas.</p>
<p>Szárnyak: kétszárnyú<br />
B+Ny: bukó-nyíló<br />
Üvegezés: 2 rétegű normál síküveg<br />
Színe: fehér<br />
Méretek:<br />
szélesség 298 cm<br />
magasság 172 cm</p>
