{"id":977,"date":"2020-08-26T14:38:00","date_gmt":"2020-08-26T14:38:00","guid":{"rendered":"https:\/\/www.oknadverelacno.sk\/katalog\/hasznalt-muanyag-ablak-141-cm-x-172-cm-balos-jobbos-bny"},"modified":"2020-08-26T14:38:00","modified_gmt":"2020-08-26T14:38:00","slug":"hasznalt-muanyag-ablak-141-cm-x-172-cm-balos-jobbos-bny","status":"publish","type":"product","link":"https:\/\/www.oknadverelacno.sk\/hu\/katalog\/hasznalt-muanyag-ablak-141-cm-x-172-cm-balos-jobbos-bny","title":{"rendered":"Haszn\u00e1lt m\u0171anyag ablak 141 cm x 172 cm balos\/jobbos B+Ny"},"content":{"rendered":"<ul>\n<li>M\u00e9retek sz\u00e9less\u00e9g\/magass\u00e1g<\/li>\n<li>M\u00e9retek cm-ben<\/li>\n<li>Az \u00e1rak tartalmazz\u00e1k az \u00c1FA-t.<\/li>\n<li>Re\u00e1lis term\u00e9kfot\u00f3k<\/li>\n<\/ul>\n","protected":false},"excerpt":{"rendered":"<p>Haszn\u00e1lt, egysz\u00e1rny\u00fa, feh\u00e9r, buk\u00f3-ny\u00edl\u00f3, balos\/jobbos\u00a0 m\u0171anyag ablak. Az ablak m\u00e9retei: 141 cm sz\u00e9les, 172 cm magas.<\/p>\n<p>Sz\u00e1rnyak: egysz\u00e1rny\u00fa<br \/>\nB+Ny: buk\u00f3-ny\u00edl\u00f3<br \/>\n\u00dcvegez\u00e9s: 2 r\u00e9teg\u0171 norm\u00e1l s\u00edk\u00fcveg<br \/>\nSz\u00edne: feh\u00e9r<br \/>\nM\u00e9retek:<br \/>\nsz\u00e9less\u00e9g 141 cm<br \/>\nmagass\u00e1g 172 cm<\/p>\n","protected":false},"featured_media":962,"template":"","meta":{"_et_pb_use_builder":"","_et_pb_old_content":"","_et_gb_content_width":""},"product_brand":[],"product_cat":[74,76],"product_tag":[120,152,112,157,116,113,151],"class_list":{"0":"post-977","1":"product","2":"type-product","3":"status-publish","4":"has-post-thumbnail","6":"product_cat-hasznalt-ablakok","7":"product_cat-hasznalt-muanyag-ablak-egy-szarnyu","8":"product_tag-balos","9":"product_tag-buko","10":"product_tag-egyszarnyu","11":"product_tag-hasznalt","12":"product_tag-jobbos","13":"product_tag-muanyag","14":"product_tag-nyilo","16":"first","17":"instock","18":"shipping-taxable","19":"purchasable","20":"product-type-simple"},"_links":{"self":[{"href":"https:\/\/www.oknadverelacno.sk\/hu\/wp-json\/wp\/v2\/product\/977","targetHints":{"allow":["GET"]}}],"collection":[{"href":"https:\/\/www.oknadverelacno.sk\/hu\/wp-json\/wp\/v2\/product"}],"about":[{"href":"https:\/\/www.oknadverelacno.sk\/hu\/wp-json\/wp\/v2\/types\/product"}],"wp:featuredmedia":[{"embeddable":true,"href":"https:\/\/www.oknadverelacno.sk\/hu\/wp-json\/wp\/v2\/media\/962"}],"wp:attachment":[{"href":"https:\/\/www.oknadverelacno.sk\/hu\/wp-json\/wp\/v2\/media?parent=977"}],"wp:term":[{"taxonomy":"product_brand","embeddable":true,"href":"https:\/\/www.oknadverelacno.sk\/hu\/wp-json\/wp\/v2\/product_brand?post=977"},{"taxonomy":"product_cat","embeddable":true,"href":"https:\/\/www.oknadverelacno.sk\/hu\/wp-json\/wp\/v2\/product_cat?post=977"},{"taxonomy":"product_tag","embeddable":true,"href":"https:\/\/www.oknadverelacno.sk\/hu\/wp-json\/wp\/v2\/product_tag?post=977"}],"curies":[{"name":"wp","href":"https:\/\/api.w.org\/{rel}","templated":true}]}}

Használt műanyag ablak 141 cm x 172 cm balos/jobbos B+Ny

<ul>
<li>Méretek szélesség/magasság</li>
<li>Méretek cm-ben</li>
<li>Az árak tartalmazzák az ÁFA-t.</li>
<li>Reális termékfotók</li>
</ul>

<p>Használt, egyszárnyú, fehér, bukó-nyíló, balos/jobbos  műanyag ablak. Az ablak méretei: 141 cm széles, 172 cm magas.</p>
<p>Szárnyak: egyszárnyú<br />
B+Ny: bukó-nyíló<br />
Üvegezés: 2 rétegű normál síküveg<br />
Színe: fehér<br />
Méretek:<br />
szélesség 141 cm<br />
magasság 172 cm</p>
