{"id":776,"date":"2020-08-05T12:29:10","date_gmt":"2020-08-05T12:29:10","guid":{"rendered":"https:\/\/www.oknadverelacno.sk\/katalog\/muanyag-ablak-60-cm-x-90-cm-balos-bny"},"modified":"2020-08-07T09:50:38","modified_gmt":"2020-08-07T09:50:38","slug":"muanyag-ablak-60-cm-x-90-cm-balos-bny","status":"publish","type":"product","link":"https:\/\/www.oknadverelacno.sk\/hu\/katalog\/muanyag-ablak-60-cm-x-90-cm-balos-bny","title":{"rendered":"M\u0171anyag ablak 60 cm x 90 cm Balos B+Ny"},"content":{"rendered":"<ul>\n<li>M\u00e9retek sz\u00e9less\u00e9g\/magass\u00e1g<\/li>\n<li>M\u00e9retek cm-ben<\/li>\n<li>Az \u00e1rak tartalmazz\u00e1k az \u00c1FA-t.<\/li>\n<li>Re\u00e1lis term\u00e9kfot\u00f3k<\/li>\n<\/ul>\n","protected":false},"excerpt":{"rendered":"<p>\u00daj, egysz\u00e1rny\u00fa, feh\u00e9r, buk\u00f3-ny\u00edl\u00f3, balos m\u0171anyag ablak. Az ablak m\u00e9retei: 60 cm sz\u00e9les, 90 cm magas. Az \u00e1r tartalmazza a hozz\u00e1val\u00f3 ablakkilincset, v\u00e9gz\u00e1r\u00f3kat \u00e9s a p\u00e1rk\u00e1nyfogad\u00f3t.<\/p>\n<p>Sz\u00e1rnyak: egysz\u00e1rny\u00fa<br \/>\nB+Ny: buk\u00f3-ny\u00edl\u00f3<br \/>\n\u00dcvegez\u00e9s: 3 r\u00e9teg\u0171 norm\u00e1l s\u00edk\u00fcveg<br \/>\nSz\u00edne: feh\u00e9r<br \/>\nProfil: WDS 70<br \/>\nVasalat: AXOR INDUSTRY<br \/>\nM\u00e9retek:<br \/>\nsz\u00e9less\u00e9g 60 cm<br \/>\nmagass\u00e1g 90 cm<\/p>\n","protected":false},"featured_media":1880,"template":"","meta":{"_et_pb_use_builder":"","_et_pb_old_content":"","_et_gb_content_width":""},"product_brand":[],"product_cat":[63,65],"product_tag":[149,152,112,115,113,151,362],"class_list":{"0":"post-776","1":"product","2":"type-product","3":"status-publish","4":"has-post-thumbnail","6":"product_cat-uj-ablakok","7":"product_cat-uj-muanyag-ablak-egy-szarnyu","8":"product_tag-ablak","9":"product_tag-buko","10":"product_tag-egyszarnyu","11":"product_tag-feher","12":"product_tag-muanyag","13":"product_tag-nyilo","14":"product_tag-wds-70-hu","16":"first","17":"instock","18":"shipping-taxable","19":"purchasable","20":"product-type-simple"},"_links":{"self":[{"href":"https:\/\/www.oknadverelacno.sk\/hu\/wp-json\/wp\/v2\/product\/776","targetHints":{"allow":["GET"]}}],"collection":[{"href":"https:\/\/www.oknadverelacno.sk\/hu\/wp-json\/wp\/v2\/product"}],"about":[{"href":"https:\/\/www.oknadverelacno.sk\/hu\/wp-json\/wp\/v2\/types\/product"}],"wp:featuredmedia":[{"embeddable":true,"href":"https:\/\/www.oknadverelacno.sk\/hu\/wp-json\/wp\/v2\/media\/1880"}],"wp:attachment":[{"href":"https:\/\/www.oknadverelacno.sk\/hu\/wp-json\/wp\/v2\/media?parent=776"}],"wp:term":[{"taxonomy":"product_brand","embeddable":true,"href":"https:\/\/www.oknadverelacno.sk\/hu\/wp-json\/wp\/v2\/product_brand?post=776"},{"taxonomy":"product_cat","embeddable":true,"href":"https:\/\/www.oknadverelacno.sk\/hu\/wp-json\/wp\/v2\/product_cat?post=776"},{"taxonomy":"product_tag","embeddable":true,"href":"https:\/\/www.oknadverelacno.sk\/hu\/wp-json\/wp\/v2\/product_tag?post=776"}],"curies":[{"name":"wp","href":"https:\/\/api.w.org\/{rel}","templated":true}]}}

Műanyag ablak 60 cm x 90 cm Balos B+Ny

<ul>
<li>Méretek szélesség/magasság</li>
<li>Méretek cm-ben</li>
<li>Az árak tartalmazzák az ÁFA-t.</li>
<li>Reális termékfotók</li>
</ul>

<p>Új, egyszárnyú, fehér, bukó-nyíló, balos műanyag ablak. Az ablak méretei: 60 cm széles, 90 cm magas. Az ár tartalmazza a hozzávaló ablakkilincset, végzárókat és a párkányfogadót.</p>
<p>Szárnyak: egyszárnyú<br />
B+Ny: bukó-nyíló<br />
Üvegezés: 3 rétegű normál síküveg<br />
Színe: fehér<br />
Profil: WDS 70<br />
Vasalat: AXOR INDUSTRY<br />
Méretek:<br />
szélesség 60 cm<br />
magasság 90 cm</p>
