{"id":3730,"date":"2025-07-04T11:04:50","date_gmt":"2025-07-04T11:04:50","guid":{"rendered":"https:\/\/www.oknadverelacno.sk\/katalog\/hasznalt-muanyag-ablak-132-cm-x-231-cm"},"modified":"2025-07-04T11:04:50","modified_gmt":"2025-07-04T11:04:50","slug":"hasznalt-muanyag-ablak-132-cm-x-231-cm","status":"publish","type":"product","link":"https:\/\/www.oknadverelacno.sk\/hu\/katalog\/hasznalt-muanyag-ablak-132-cm-x-231-cm","title":{"rendered":"Haszn\u00e1lt m\u0171anyag ablak 132 cm x 231 cm"},"content":{"rendered":"<ul>\n<li>M\u00e9retek sz\u00e9less\u00e9g\/magass\u00e1g<\/li>\n<li>M\u00e9retek cm-ben<\/li>\n<li>Az \u00e1rak tartalmazz\u00e1k az \u00c1FA-t.<\/li>\n<li>Re\u00e1lis term\u00e9kfot\u00f3k<\/li>\n<\/ul>\n","protected":false},"excerpt":{"rendered":"<p id=\"tw-target-text\" class=\"tw-data-text tw-text-large tw-ta\" dir=\"ltr\" data-placeholder=\"Preklad\" data-ved=\"2ahUKEwja_fn-iKOOAxV2B9sEHdB3DNcQ3ewLegQICRAW\" aria-label=\"Prelo\u017een\u00fd text: Haszn\u00e1lt, feh\u00e9r, k\u00e9tsz\u00e1rny\u00fa, m\u0171anyag ablak, m\u00e9retei: sz\u00e9less\u00e9g 233 cm x magass\u00e1g 145 cm.\n\nAjt\u00f3k sz\u00e1ma: k\u00e9tsz\u00e1rny\u00fa\nSz\u00edn: feh\u00e9r\n\nM\u00e9retek:\nsz\u00e9less\u00e9g 132 cm\nmagass\u00e1g 231 cm\"><span class=\"Y2IQFc\" lang=\"hu\">Haszn\u00e1lt, feh\u00e9r, k\u00e9tsz\u00e1rny\u00fa, m\u0171anyag ablak, m\u00e9retei: sz\u00e9less\u00e9g 233 cm x magass\u00e1g 145 cm. <\/span><\/p>\n<p class=\"tw-data-text tw-text-large tw-ta\" dir=\"ltr\" data-placeholder=\"Preklad\" data-ved=\"2ahUKEwja_fn-iKOOAxV2B9sEHdB3DNcQ3ewLegQICRAW\" aria-label=\"Prelo\u017een\u00fd text: Haszn\u00e1lt, feh\u00e9r, k\u00e9tsz\u00e1rny\u00fa, m\u0171anyag ablak, m\u00e9retei: sz\u00e9less\u00e9g 233 cm x magass\u00e1g 145 cm.\n\nAjt\u00f3k sz\u00e1ma: k\u00e9tsz\u00e1rny\u00fa\nSz\u00edn: feh\u00e9r\n\nM\u00e9retek:\nsz\u00e9less\u00e9g 132 cm\nmagass\u00e1g 231 cm\"><span class=\"Y2IQFc\" lang=\"hu\">Ajt\u00f3k sz\u00e1ma: k\u00e9tsz\u00e1rny\u00fa <\/span><\/p>\n<p class=\"tw-data-text tw-text-large tw-ta\" dir=\"ltr\" data-placeholder=\"Preklad\" data-ved=\"2ahUKEwja_fn-iKOOAxV2B9sEHdB3DNcQ3ewLegQICRAW\" aria-label=\"Prelo\u017een\u00fd text: Haszn\u00e1lt, feh\u00e9r, k\u00e9tsz\u00e1rny\u00fa, m\u0171anyag ablak, m\u00e9retei: sz\u00e9less\u00e9g 233 cm x magass\u00e1g 145 cm.\n\nAjt\u00f3k sz\u00e1ma: k\u00e9tsz\u00e1rny\u00fa\nSz\u00edn: feh\u00e9r\n\nM\u00e9retek:\nsz\u00e9less\u00e9g 132 cm\nmagass\u00e1g 231 cm\"><span class=\"Y2IQFc\" lang=\"hu\">Sz\u00edn: feh\u00e9r<\/span><\/p>\n<p class=\"tw-data-text tw-text-large tw-ta\" dir=\"ltr\" data-placeholder=\"Preklad\" data-ved=\"2ahUKEwja_fn-iKOOAxV2B9sEHdB3DNcQ3ewLegQICRAW\" aria-label=\"Prelo\u017een\u00fd text: Haszn\u00e1lt, feh\u00e9r, k\u00e9tsz\u00e1rny\u00fa, m\u0171anyag ablak, m\u00e9retei: sz\u00e9less\u00e9g 233 cm x magass\u00e1g 145 cm.\n\nAjt\u00f3k sz\u00e1ma: k\u00e9tsz\u00e1rny\u00fa\nSz\u00edn: feh\u00e9r\n\nM\u00e9retek:\nsz\u00e9less\u00e9g 132 cm\nmagass\u00e1g 231 cm\"><span class=\"Y2IQFc\" lang=\"hu\">M\u00e9retek: sz\u00e9less\u00e9g 132 cm <\/span><\/p>\n<p class=\"tw-data-text tw-text-large tw-ta\" dir=\"ltr\" data-placeholder=\"Preklad\" data-ved=\"2ahUKEwja_fn-iKOOAxV2B9sEHdB3DNcQ3ewLegQICRAW\" aria-label=\"Prelo\u017een\u00fd text: Haszn\u00e1lt, feh\u00e9r, k\u00e9tsz\u00e1rny\u00fa, m\u0171anyag ablak, m\u00e9retei: sz\u00e9less\u00e9g 233 cm x magass\u00e1g 145 cm.\n\nAjt\u00f3k sz\u00e1ma: k\u00e9tsz\u00e1rny\u00fa\nSz\u00edn: feh\u00e9r\n\nM\u00e9retek:\nsz\u00e9less\u00e9g 132 cm\nmagass\u00e1g 231 cm\"><span class=\"Y2IQFc\" lang=\"hu\">\u00a0 \u00a0 \u00a0 \u00a0 \u00a0 \u00a0 \u00a0 \u00a0 magass\u00e1g 231 cm<\/span><\/p>\n","protected":false},"featured_media":3710,"template":"","meta":{"_et_pb_use_builder":"","_et_pb_old_content":"","_et_gb_content_width":""},"product_brand":[],"product_cat":[74,75],"product_tag":[115,157,123,147],"class_list":{"0":"post-3730","1":"product","2":"type-product","3":"status-publish","4":"has-post-thumbnail","6":"product_cat-hasznalt-ablakok","7":"product_cat-hasznalt-muanyag-ablak-ket-szarnyu","8":"product_tag-feher","9":"product_tag-hasznalt","10":"product_tag-ketszarnyu","11":"product_tag-muanyag-ablak","13":"first","14":"instock","15":"shipping-taxable","16":"purchasable","17":"product-type-simple"},"_links":{"self":[{"href":"https:\/\/www.oknadverelacno.sk\/hu\/wp-json\/wp\/v2\/product\/3730","targetHints":{"allow":["GET"]}}],"collection":[{"href":"https:\/\/www.oknadverelacno.sk\/hu\/wp-json\/wp\/v2\/product"}],"about":[{"href":"https:\/\/www.oknadverelacno.sk\/hu\/wp-json\/wp\/v2\/types\/product"}],"wp:featuredmedia":[{"embeddable":true,"href":"https:\/\/www.oknadverelacno.sk\/hu\/wp-json\/wp\/v2\/media\/3710"}],"wp:attachment":[{"href":"https:\/\/www.oknadverelacno.sk\/hu\/wp-json\/wp\/v2\/media?parent=3730"}],"wp:term":[{"taxonomy":"product_brand","embeddable":true,"href":"https:\/\/www.oknadverelacno.sk\/hu\/wp-json\/wp\/v2\/product_brand?post=3730"},{"taxonomy":"product_cat","embeddable":true,"href":"https:\/\/www.oknadverelacno.sk\/hu\/wp-json\/wp\/v2\/product_cat?post=3730"},{"taxonomy":"product_tag","embeddable":true,"href":"https:\/\/www.oknadverelacno.sk\/hu\/wp-json\/wp\/v2\/product_tag?post=3730"}],"curies":[{"name":"wp","href":"https:\/\/api.w.org\/{rel}","templated":true}]}}

Használt műanyag ablak 132 cm x 231 cm

<ul>
<li>Méretek szélesség/magasság</li>
<li>Méretek cm-ben</li>
<li>Az árak tartalmazzák az ÁFA-t.</li>
<li>Reális termékfotók</li>
</ul>

<p id="tw-target-text" class="tw-data-text tw-text-large tw-ta" dir="ltr" data-placeholder="Preklad" data-ved="2ahUKEwja_fn-iKOOAxV2B9sEHdB3DNcQ3ewLegQICRAW" aria-label="Preložený text: Használt, fehér, kétszárnyú, műanyag ablak, méretei: szélesség 233 cm x magasság 145 cm.

Ajtók száma: kétszárnyú
Szín: fehér

Méretek:
szélesség 132 cm
magasság 231 cm"><span class="Y2IQFc" lang="hu">Használt, fehér, kétszárnyú, műanyag ablak, méretei: szélesség 233 cm x magasság 145 cm. </span></p>
<p class="tw-data-text tw-text-large tw-ta" dir="ltr" data-placeholder="Preklad" data-ved="2ahUKEwja_fn-iKOOAxV2B9sEHdB3DNcQ3ewLegQICRAW" aria-label="Preložený text: Használt, fehér, kétszárnyú, műanyag ablak, méretei: szélesség 233 cm x magasság 145 cm.

Ajtók száma: kétszárnyú
Szín: fehér

Méretek:
szélesség 132 cm
magasság 231 cm"><span class="Y2IQFc" lang="hu">Ajtók száma: kétszárnyú </span></p>
<p class="tw-data-text tw-text-large tw-ta" dir="ltr" data-placeholder="Preklad" data-ved="2ahUKEwja_fn-iKOOAxV2B9sEHdB3DNcQ3ewLegQICRAW" aria-label="Preložený text: Használt, fehér, kétszárnyú, műanyag ablak, méretei: szélesség 233 cm x magasság 145 cm.

Ajtók száma: kétszárnyú
Szín: fehér

Méretek:
szélesség 132 cm
magasság 231 cm"><span class="Y2IQFc" lang="hu">Szín: fehér</span></p>
<p class="tw-data-text tw-text-large tw-ta" dir="ltr" data-placeholder="Preklad" data-ved="2ahUKEwja_fn-iKOOAxV2B9sEHdB3DNcQ3ewLegQICRAW" aria-label="Preložený text: Használt, fehér, kétszárnyú, műanyag ablak, méretei: szélesség 233 cm x magasság 145 cm.

Ajtók száma: kétszárnyú
Szín: fehér

Méretek:
szélesség 132 cm
magasság 231 cm"><span class="Y2IQFc" lang="hu">Méretek: szélesség 132 cm </span></p>
<p class="tw-data-text tw-text-large tw-ta" dir="ltr" data-placeholder="Preklad" data-ved="2ahUKEwja_fn-iKOOAxV2B9sEHdB3DNcQ3ewLegQICRAW" aria-label="Preložený text: Használt, fehér, kétszárnyú, műanyag ablak, méretei: szélesség 233 cm x magasság 145 cm.

Ajtók száma: kétszárnyú
Szín: fehér

Méretek:
szélesség 132 cm
magasság 231 cm"><span class="Y2IQFc" lang="hu">                magasság 231 cm</span></p>
