{"id":3527,"date":"2024-03-21T19:56:33","date_gmt":"2024-03-21T19:56:33","guid":{"rendered":"https:\/\/www.oknadverelacno.sk\/katalog\/muanyag-ablak-240-cm-x-155-cm-b-nyny"},"modified":"2024-03-21T19:56:33","modified_gmt":"2024-03-21T19:56:33","slug":"muanyag-ablak-240-cm-x-155-cm-b-nyny","status":"publish","type":"product","link":"https:\/\/www.oknadverelacno.sk\/hu\/katalog\/muanyag-ablak-240-cm-x-155-cm-b-nyny","title":{"rendered":"M\u0171anyag ablak 240 cm x 155 cm B\/Ny+Ny"},"content":{"rendered":"<ul>\n<li>M\u00e9retek sz\u00e9less\u00e9g\/magass\u00e1g<\/li>\n<li>M\u00e9retek cm-ben<\/li>\n<li>Az \u00e1rak tartalmazz\u00e1k az \u00c1FA-t.<\/li>\n<li>Re\u00e1lis term\u00e9kfot\u00f3k<\/li>\n<\/ul>\n","protected":false},"excerpt":{"rendered":"<p>\u00daj, feh\u00e9r, h\u00e1romsz\u00e1rny\u00fa, m\u0171anyag ablak. Az ablak m\u00e9retei: 240 cm sz\u00e9les, 155 cm magas. Az \u00e1r tartalmazza a hozz\u00e1val\u00f3 ablakkilincset, v\u00e9gz\u00e1r\u00f3kat \u00e9s a p\u00e1rk\u00e1nyfogad\u00f3t.<\/p>\n<ul>\n<li>Sz\u00e1rnyak: h\u00e1romsz\u00e1rny\u00fa<br \/>1., 3. sz\u00e1rny B+Ny: buk\u00f3-ny\u00edl\u00f3<\/li>\n<li>2. sz\u00e1rny :ny\u00edl\u00f3<\/li>\n<li>\u00dcvegez\u00e9s: 3 r\u00e9teg\u0171 \u00fcveg<br \/>Sz\u00edne: feh\u00e9r<br \/>Profil: WDS<br \/>M\u00e9retek:<br \/>sz\u00e9less\u00e9g 240 cm<br \/>magass\u00e1g 155 cm<\/li>\n<\/ul>\n","protected":false},"featured_media":3506,"template":"","meta":{"_et_pb_use_builder":"","_et_pb_old_content":"","_et_gb_content_width":""},"product_brand":[],"product_cat":[63,66],"product_tag":[515,148,519,115,158,147,397,146,518],"class_list":{"0":"post-3527","1":"product","2":"type-product","3":"status-publish","4":"has-post-thumbnail","6":"product_cat-uj-ablakok","7":"product_cat-uj-muanyag-ablak-harom-szarnyu","8":"product_tag-azonnal-atveheto","9":"product_tag-buko-nyilo","10":"product_tag-elerheto","11":"product_tag-feher","12":"product_tag-haromszarnyu","13":"product_tag-muanyag-ablak","14":"product_tag-olcso","15":"product_tag-uj","16":"product_tag-wds-hu","18":"first","19":"instock","20":"shipping-taxable","21":"purchasable","22":"product-type-simple"},"_links":{"self":[{"href":"https:\/\/www.oknadverelacno.sk\/hu\/wp-json\/wp\/v2\/product\/3527","targetHints":{"allow":["GET"]}}],"collection":[{"href":"https:\/\/www.oknadverelacno.sk\/hu\/wp-json\/wp\/v2\/product"}],"about":[{"href":"https:\/\/www.oknadverelacno.sk\/hu\/wp-json\/wp\/v2\/types\/product"}],"wp:featuredmedia":[{"embeddable":true,"href":"https:\/\/www.oknadverelacno.sk\/hu\/wp-json\/wp\/v2\/media\/3506"}],"wp:attachment":[{"href":"https:\/\/www.oknadverelacno.sk\/hu\/wp-json\/wp\/v2\/media?parent=3527"}],"wp:term":[{"taxonomy":"product_brand","embeddable":true,"href":"https:\/\/www.oknadverelacno.sk\/hu\/wp-json\/wp\/v2\/product_brand?post=3527"},{"taxonomy":"product_cat","embeddable":true,"href":"https:\/\/www.oknadverelacno.sk\/hu\/wp-json\/wp\/v2\/product_cat?post=3527"},{"taxonomy":"product_tag","embeddable":true,"href":"https:\/\/www.oknadverelacno.sk\/hu\/wp-json\/wp\/v2\/product_tag?post=3527"}],"curies":[{"name":"wp","href":"https:\/\/api.w.org\/{rel}","templated":true}]}}

Műanyag ablak 240 cm x 155 cm B/Ny+Ny

<ul>
<li>Méretek szélesség/magasság</li>
<li>Méretek cm-ben</li>
<li>Az árak tartalmazzák az ÁFA-t.</li>
<li>Reális termékfotók</li>
</ul>

<p>Új, fehér, háromszárnyú, műanyag ablak. Az ablak méretei: 240 cm széles, 155 cm magas. Az ár tartalmazza a hozzávaló ablakkilincset, végzárókat és a párkányfogadót.</p>
<ul>
<li>Szárnyak: háromszárnyú<br />1., 3. szárny B+Ny: bukó-nyíló</li>
<li>2. szárny :nyíló</li>
<li>Üvegezés: 3 rétegű üveg<br />Színe: fehér<br />Profil: WDS<br />Méretek:<br />szélesség 240 cm<br />magasság 155 cm</li>
</ul>
