{"id":3525,"date":"2023-10-29T18:19:45","date_gmt":"2023-10-29T18:19:45","guid":{"rendered":"https:\/\/www.oknadverelacno.sk\/katalog\/muanyag-ablak-116-cm-x-50-cm-feher"},"modified":"2023-10-29T18:19:45","modified_gmt":"2023-10-29T18:19:45","slug":"muanyag-ablak-116-cm-x-50-cm-feher","status":"publish","type":"product","link":"https:\/\/www.oknadverelacno.sk\/hu\/katalog\/muanyag-ablak-116-cm-x-50-cm-feher","title":{"rendered":"M\u0171anyag ablak 116 cm x 50 cm feh\u00e9r"},"content":{"rendered":"<ul>\n<li>M\u00e9retek sz\u00e9less\u00e9g\/magass\u00e1g<\/li>\n<li>M\u00e9retek cm-ben<\/li>\n<li>Az \u00e1rak tartalmazz\u00e1k az \u00c1FA-t.<\/li>\n<li>Re\u00e1lis term\u00e9kfot\u00f3k<\/li>\n<\/ul>\n","protected":false},"excerpt":{"rendered":"<p id=\"tw-target-text\" class=\"tw-data-text tw-text-large tw-ta\" dir=\"ltr\" data-placeholder=\"Preklad\"><span class=\"Y2IQFc\" lang=\"hu\">\u00daj, feh\u00e9r, duplasz\u00e1rny\u00fa &#8211; az egyik sz\u00e1rny nyithat\u00f3, a m\u00e1sik csuk\u00f3 &#8211; ny\u00edl\u00f3 m\u0171anyag ablak sz\u00e9less\u00e9ge 116 cm x\u00a0 50 cm. A term\u00e9k \u00e1ra tartalmazza az ablakkilincset \u00e9s a burkolatokat. \u00c9rdekl\u0151d\u00e9s eset\u00e9n egyedi gy\u00e1rt\u00e1s\u00fa rovarh\u00e1l\u00f3 v\u00e1s\u00e1rl\u00e1sa is lehets\u00e9ges.<\/span><\/p>\n<p dir=\"ltr\" data-placeholder=\"Preklad\">Sz\u00e1rnyak: k\u00e9tsz\u00e1rny\u00fa<br \/>1. sz\u00e1rny B: buk\u00f3<br \/>2. sz\u00e1rny Ny-B: ny\u00edl\u00f3-buk\u00f3<br \/>\u00dcvegez\u00e9s: 3 r\u00e9teg\u0171 \u00fcveg<br \/>Sz\u00edne: antracit<br \/>Profil : P-Line<\/p>\n<p dir=\"ltr\" data-placeholder=\"Preklad\">M\u00e9retek:<br \/>sz\u00e9less\u00e9g 116 cm<br \/>magass\u00e1g 50 cm<\/p>\n","protected":false},"featured_media":3448,"template":"","meta":{"_et_pb_use_builder":"","_et_pb_old_content":"","_et_gb_content_width":""},"product_brand":[],"product_cat":[63,64],"product_tag":[485,115,484,147,513,146],"class_list":{"0":"post-3525","1":"product","2":"type-product","3":"status-publish","4":"has-post-thumbnail","6":"product_cat-uj-ablakok","7":"product_cat-uj-muanyag-ablak-ket-szarnyu","8":"product_tag-egyik-szarny-nyithato-hu","9":"product_tag-feher","10":"product_tag-masik-nyilo-es-buko","11":"product_tag-muanyag-ablak","12":"product_tag-profil-p-line-hu","13":"product_tag-uj","15":"first","16":"instock","17":"shipping-taxable","18":"purchasable","19":"product-type-simple"},"_links":{"self":[{"href":"https:\/\/www.oknadverelacno.sk\/hu\/wp-json\/wp\/v2\/product\/3525","targetHints":{"allow":["GET"]}}],"collection":[{"href":"https:\/\/www.oknadverelacno.sk\/hu\/wp-json\/wp\/v2\/product"}],"about":[{"href":"https:\/\/www.oknadverelacno.sk\/hu\/wp-json\/wp\/v2\/types\/product"}],"wp:featuredmedia":[{"embeddable":true,"href":"https:\/\/www.oknadverelacno.sk\/hu\/wp-json\/wp\/v2\/media\/3448"}],"wp:attachment":[{"href":"https:\/\/www.oknadverelacno.sk\/hu\/wp-json\/wp\/v2\/media?parent=3525"}],"wp:term":[{"taxonomy":"product_brand","embeddable":true,"href":"https:\/\/www.oknadverelacno.sk\/hu\/wp-json\/wp\/v2\/product_brand?post=3525"},{"taxonomy":"product_cat","embeddable":true,"href":"https:\/\/www.oknadverelacno.sk\/hu\/wp-json\/wp\/v2\/product_cat?post=3525"},{"taxonomy":"product_tag","embeddable":true,"href":"https:\/\/www.oknadverelacno.sk\/hu\/wp-json\/wp\/v2\/product_tag?post=3525"}],"curies":[{"name":"wp","href":"https:\/\/api.w.org\/{rel}","templated":true}]}}

Műanyag ablak 116 cm x 50 cm fehér

<ul>
<li>Méretek szélesség/magasság</li>
<li>Méretek cm-ben</li>
<li>Az árak tartalmazzák az ÁFA-t.</li>
<li>Reális termékfotók</li>
</ul>

<p id="tw-target-text" class="tw-data-text tw-text-large tw-ta" dir="ltr" data-placeholder="Preklad"><span class="Y2IQFc" lang="hu">Új, fehér, duplaszárnyú &#8211; az egyik szárny nyitható, a másik csukó &#8211; nyíló műanyag ablak szélessége 116 cm x  50 cm. A termék ára tartalmazza az ablakkilincset és a burkolatokat. Érdeklődés esetén egyedi gyártású rovarháló vásárlása is lehetséges.</span></p>
<p dir="ltr" data-placeholder="Preklad">Szárnyak: kétszárnyú<br />1. szárny B: bukó<br />2. szárny Ny-B: nyíló-bukó<br />Üvegezés: 3 rétegű üveg<br />Színe: antracit<br />Profil : P-Line</p>
<p dir="ltr" data-placeholder="Preklad">Méretek:<br />szélesség 116 cm<br />magasság 50 cm</p>
