{"id":3521,"date":"2024-03-21T15:40:30","date_gmt":"2024-03-21T15:40:30","guid":{"rendered":"https:\/\/www.oknadverelacno.sk\/katalog\/5-kamras-muanyag-ablak-100-cm-x-50-cm"},"modified":"2024-03-21T15:40:30","modified_gmt":"2024-03-21T15:40:30","slug":"5-kamras-muanyag-ablak-100-cm-x-50-cm","status":"publish","type":"product","link":"https:\/\/www.oknadverelacno.sk\/hu\/katalog\/5-kamras-muanyag-ablak-100-cm-x-50-cm","title":{"rendered":"5 kamr\u00e1s m\u0171anyag ablak 100 cm x 50 cm"},"content":{"rendered":"<ul>\n<li>M\u00e9retek sz\u00e9less\u00e9g\/magass\u00e1g<\/li>\n<li>M\u00e9retek cm-ben<\/li>\n<li>Az \u00e1rak tartalmazz\u00e1k az \u00c1FA-t.<\/li>\n<li>Re\u00e1lis term\u00e9kfot\u00f3k<\/li>\n<\/ul>\n","protected":false},"excerpt":{"rendered":"<p id=\"tw-target-text\" class=\"tw-data-text tw-text-large tw-ta\" dir=\"ltr\" data-placeholder=\"Preklad\"><span class=\"Y2IQFc\" lang=\"hu\">\u00daj, feh\u00e9r, 5-kamr\u00e1s egysz\u00e1rny\u00fa, buk\u00f3 m\u0171anyag ablak. Sz\u00e9less\u00e9ge 100 cm x magass\u00e1ga 50 cm. A term\u00e9k \u00e1ra tartalmazza az ablakkilincset \u00e9s a burkolatokat.<\/span><\/p>\n<p dir=\"ltr\" data-placeholder=\"Preklad\">Sz\u00e1rnyak: egysz\u00e1rny\u00fa<br \/>1. sz\u00e1rny B: buk\u00f3<br \/>\u00dcvegez\u00e9s: 2 r\u00e9teg\u0171 \u00fcveg<br \/>Sz\u00edne:feh\u00e9r<\/p>\n<p dir=\"ltr\" data-placeholder=\"Preklad\">M\u00e9retek:<br \/>sz\u00e9less\u00e9g 100 cm<br \/>magass\u00e1g 50 cm<\/p>\n","protected":false},"featured_media":3494,"template":"","meta":{"_et_pb_use_builder":"","_et_pb_old_content":"","_et_gb_content_width":""},"product_brand":[],"product_cat":[63,65],"product_tag":[514,515,152,115,147,397,146],"class_list":{"0":"post-3521","1":"product","2":"type-product","3":"status-publish","4":"has-post-thumbnail","6":"product_cat-uj-ablakok","7":"product_cat-uj-muanyag-ablak-egy-szarnyu","8":"product_tag-5-kamras-muanyag-ablak","9":"product_tag-azonnal-atveheto","10":"product_tag-buko","11":"product_tag-feher","12":"product_tag-muanyag-ablak","13":"product_tag-olcso","14":"product_tag-uj","16":"first","17":"instock","18":"shipping-taxable","19":"purchasable","20":"product-type-simple"},"_links":{"self":[{"href":"https:\/\/www.oknadverelacno.sk\/hu\/wp-json\/wp\/v2\/product\/3521","targetHints":{"allow":["GET"]}}],"collection":[{"href":"https:\/\/www.oknadverelacno.sk\/hu\/wp-json\/wp\/v2\/product"}],"about":[{"href":"https:\/\/www.oknadverelacno.sk\/hu\/wp-json\/wp\/v2\/types\/product"}],"wp:featuredmedia":[{"embeddable":true,"href":"https:\/\/www.oknadverelacno.sk\/hu\/wp-json\/wp\/v2\/media\/3494"}],"wp:attachment":[{"href":"https:\/\/www.oknadverelacno.sk\/hu\/wp-json\/wp\/v2\/media?parent=3521"}],"wp:term":[{"taxonomy":"product_brand","embeddable":true,"href":"https:\/\/www.oknadverelacno.sk\/hu\/wp-json\/wp\/v2\/product_brand?post=3521"},{"taxonomy":"product_cat","embeddable":true,"href":"https:\/\/www.oknadverelacno.sk\/hu\/wp-json\/wp\/v2\/product_cat?post=3521"},{"taxonomy":"product_tag","embeddable":true,"href":"https:\/\/www.oknadverelacno.sk\/hu\/wp-json\/wp\/v2\/product_tag?post=3521"}],"curies":[{"name":"wp","href":"https:\/\/api.w.org\/{rel}","templated":true}]}}

5 kamrás műanyag ablak 100 cm x 50 cm

<ul>
<li>Méretek szélesség/magasság</li>
<li>Méretek cm-ben</li>
<li>Az árak tartalmazzák az ÁFA-t.</li>
<li>Reális termékfotók</li>
</ul>

<p id="tw-target-text" class="tw-data-text tw-text-large tw-ta" dir="ltr" data-placeholder="Preklad"><span class="Y2IQFc" lang="hu">Új, fehér, 5-kamrás egyszárnyú, bukó műanyag ablak. Szélessége 100 cm x magassága 50 cm. A termék ára tartalmazza az ablakkilincset és a burkolatokat.</span></p>
<p dir="ltr" data-placeholder="Preklad">Szárnyak: egyszárnyú<br />1. szárny B: bukó<br />Üvegezés: 2 rétegű üveg<br />Színe:fehér</p>
<p dir="ltr" data-placeholder="Preklad">Méretek:<br />szélesség 100 cm<br />magasság 50 cm</p>
