{"id":3330,"date":"2023-04-15T16:25:38","date_gmt":"2023-04-15T16:25:38","guid":{"rendered":"https:\/\/www.oknadverelacno.sk\/katalog\/muanyag-ablak-205-cm-x-115-cm"},"modified":"2023-04-15T16:25:38","modified_gmt":"2023-04-15T16:25:38","slug":"muanyag-ablak-205-cm-x-115-cm","status":"publish","type":"product","link":"https:\/\/www.oknadverelacno.sk\/hu\/katalog\/muanyag-ablak-205-cm-x-115-cm","title":{"rendered":"M\u0171anyag ablak 205 cm x 115 cm"},"content":{"rendered":"<ul>\n<li>M\u00e9retek sz\u00e9less\u00e9g\/magass\u00e1g<\/li>\n<li>M\u00e9retek cm-ben<\/li>\n<li>Az \u00e1rak tartalmazz\u00e1k az \u00c1FA<\/li>\n<\/ul>\n","protected":false},"excerpt":{"rendered":"<p id=\"tw-target-text\" class=\"tw-data-text tw-text-large tw-ta\" dir=\"ltr\" data-placeholder=\"Preklad\"><span class=\"Y2IQFc\" lang=\"hu\">Haszn\u00e1lt, feh\u00e9r, az egyik sz\u00e1rny nyithat\u00f3 \u00e9s z\u00e1rhat\u00f3, a m\u00e1sik fix, m\u0171anyag ablak,sz\u00e9less\u00e9ge 205 cm x magass\u00e1ga 115 cm. <\/span><\/p>\n<p class=\"tw-data-text tw-text-large tw-ta\" dir=\"ltr\" data-placeholder=\"Preklad\"><span class=\"Y2IQFc\" lang=\"hu\">Sz\u00e1rnyak sz\u00e1ma: egysz\u00e1rny\u00fa <\/span><\/p>\n<p class=\"tw-data-text tw-text-large tw-ta\" dir=\"ltr\" data-placeholder=\"Preklad\"><span class=\"Y2IQFc\" lang=\"hu\">Feh\u00e9r sz\u00edn 1. sz\u00e1rny: nyithat\u00f3-hajthat\u00f3 <\/span><\/p>\n<p class=\"tw-data-text tw-text-large tw-ta\" dir=\"ltr\" data-placeholder=\"Preklad\"><span class=\"Y2IQFc\" lang=\"hu\">2. sz\u00e1rny: r\u00f6gz\u00edtett <\/span><\/p>\n<p class=\"tw-data-text tw-text-large tw-ta\" dir=\"ltr\" data-placeholder=\"Preklad\"><span class=\"Y2IQFc\" lang=\"hu\">\u00dcvegez\u00e9s: \u00e1tl\u00e1tsz\u00f3 dupla \u00fcvegez\u00e9s <\/span><\/p>\n<p class=\"tw-data-text tw-text-large tw-ta\" dir=\"ltr\" data-placeholder=\"Preklad\"><span class=\"Y2IQFc\" lang=\"hu\">M\u00e9retek: sz\u00e9less\u00e9ge 205 cm magass\u00e1ga 115 cm<\/span><\/p>\n","protected":false},"featured_media":3329,"template":"","meta":{"_et_pb_use_builder":"","_et_pb_old_content":"","_et_gb_content_width":""},"product_brand":[],"product_cat":[74,76],"product_tag":[115,157,147],"class_list":{"0":"post-3330","1":"product","2":"type-product","3":"status-publish","4":"has-post-thumbnail","6":"product_cat-hasznalt-ablakok","7":"product_cat-hasznalt-muanyag-ablak-egy-szarnyu","8":"product_tag-feher","9":"product_tag-hasznalt","10":"product_tag-muanyag-ablak","12":"first","13":"outofstock","14":"shipping-taxable","15":"purchasable","16":"product-type-simple"},"_links":{"self":[{"href":"https:\/\/www.oknadverelacno.sk\/hu\/wp-json\/wp\/v2\/product\/3330","targetHints":{"allow":["GET"]}}],"collection":[{"href":"https:\/\/www.oknadverelacno.sk\/hu\/wp-json\/wp\/v2\/product"}],"about":[{"href":"https:\/\/www.oknadverelacno.sk\/hu\/wp-json\/wp\/v2\/types\/product"}],"wp:featuredmedia":[{"embeddable":true,"href":"https:\/\/www.oknadverelacno.sk\/hu\/wp-json\/wp\/v2\/media\/3329"}],"wp:attachment":[{"href":"https:\/\/www.oknadverelacno.sk\/hu\/wp-json\/wp\/v2\/media?parent=3330"}],"wp:term":[{"taxonomy":"product_brand","embeddable":true,"href":"https:\/\/www.oknadverelacno.sk\/hu\/wp-json\/wp\/v2\/product_brand?post=3330"},{"taxonomy":"product_cat","embeddable":true,"href":"https:\/\/www.oknadverelacno.sk\/hu\/wp-json\/wp\/v2\/product_cat?post=3330"},{"taxonomy":"product_tag","embeddable":true,"href":"https:\/\/www.oknadverelacno.sk\/hu\/wp-json\/wp\/v2\/product_tag?post=3330"}],"curies":[{"name":"wp","href":"https:\/\/api.w.org\/{rel}","templated":true}]}}

Műanyag ablak 205 cm x 115 cm

<ul>
<li>Méretek szélesség/magasság</li>
<li>Méretek cm-ben</li>
<li>Az árak tartalmazzák az ÁFA</li>
</ul>

<p id="tw-target-text" class="tw-data-text tw-text-large tw-ta" dir="ltr" data-placeholder="Preklad"><span class="Y2IQFc" lang="hu">Használt, fehér, az egyik szárny nyitható és zárható, a másik fix, műanyag ablak,szélessége 205 cm x magassága 115 cm. </span></p>
<p class="tw-data-text tw-text-large tw-ta" dir="ltr" data-placeholder="Preklad"><span class="Y2IQFc" lang="hu">Szárnyak száma: egyszárnyú </span></p>
<p class="tw-data-text tw-text-large tw-ta" dir="ltr" data-placeholder="Preklad"><span class="Y2IQFc" lang="hu">Fehér szín 1. szárny: nyitható-hajtható </span></p>
<p class="tw-data-text tw-text-large tw-ta" dir="ltr" data-placeholder="Preklad"><span class="Y2IQFc" lang="hu">2. szárny: rögzített </span></p>
<p class="tw-data-text tw-text-large tw-ta" dir="ltr" data-placeholder="Preklad"><span class="Y2IQFc" lang="hu">Üvegezés: átlátszó dupla üvegezés </span></p>
<p class="tw-data-text tw-text-large tw-ta" dir="ltr" data-placeholder="Preklad"><span class="Y2IQFc" lang="hu">Méretek: szélessége 205 cm magassága 115 cm</span></p>
