{"id":3270,"date":"2023-03-14T19:32:04","date_gmt":"2023-03-14T19:32:04","guid":{"rendered":"https:\/\/www.oknadverelacno.sk\/katalog\/fix-ablak-81-cm-x-140-cm-at-f"},"modified":"2023-03-14T19:32:04","modified_gmt":"2023-03-14T19:32:04","slug":"fix-ablak-81-cm-x-140-cm-at-f","status":"publish","type":"product","link":"https:\/\/www.oknadverelacno.sk\/hu\/katalog\/fix-ablak-81-cm-x-140-cm-at-f","title":{"rendered":"Fix ablak 81 cm x 140 cm AT\/F"},"content":{"rendered":"<ul>\n<li>M\u00e9retek sz\u00e9less\u00e9g\/magass\u00e1g<\/li>\n<li>M\u00e9retek cm-ben<\/li>\n<li>Az \u00e1rak tartalmazz\u00e1k az \u00c1FA-t.<\/li>\n<\/ul>\n","protected":false},"excerpt":{"rendered":"<p id=\"tw-target-text\" class=\"tw-data-text tw-text-large tw-ta\" dir=\"ltr\" data-placeholder=\"Preklad\"><span class=\"Y2IQFc\" lang=\"hu\">\u00daj, k\u00edv\u00fcl arany t\u00f6lgy, bel\u00fcl feh\u00e9r fixablak, m\u00e9retei: 81 cm x 140 cm. A tet\u0151ablak beszerel\u00e9se ut\u00e1n javul a f\u00e9ny\u00e1tereszt\u00e9s a t\u00e9rbe.<\/span><\/p>\n<ul>\n<li id=\"tw-target-text\" class=\"tw-data-text tw-text-large XcVN5d tw-ta\" dir=\"ltr\" data-placeholder=\"Preklad\"><span class=\"Y2IQFc\" lang=\"hu\">Sz\u00e1rnyak sz\u00e1ma: fix <\/span><\/li>\n<li dir=\"ltr\" data-placeholder=\"Preklad\">Sz\u00edn: Aranyt\u00f6lgy\/feh\u00e9r<\/li>\n<li class=\"tw-data-text tw-text-large XcVN5d tw-ta\" dir=\"ltr\" data-placeholder=\"Preklad\"><span class=\"Y2IQFc\" lang=\"hu\">\u00dcvegez\u00e9s: kett\u0151s \u00fcvegez\u00e9s<\/span><\/li>\n<li class=\"tw-data-text tw-text-large XcVN5d tw-ta\" dir=\"ltr\" data-placeholder=\"Preklad\"><span class=\"Y2IQFc\" lang=\"hu\">M\u00e9retek: <\/span><\/li>\n<li class=\"tw-data-text tw-text-large XcVN5d tw-ta\" dir=\"ltr\" data-placeholder=\"Preklad\"><span class=\"Y2IQFc\" lang=\"hu\">sz\u00e9less\u00e9ge 81 cm <\/span><\/li>\n<li class=\"tw-data-text tw-text-large XcVN5d tw-ta\" dir=\"ltr\" data-placeholder=\"Preklad\"><span class=\"Y2IQFc\" lang=\"hu\">magass\u00e1ga 140 cm<\/span><\/li>\n<\/ul>\n","protected":false},"featured_media":3269,"template":"","meta":{"_et_pb_use_builder":"","_et_pb_old_content":"","_et_gb_content_width":""},"product_brand":[],"product_cat":[68,63],"product_tag":[333,332,329,331],"class_list":{"0":"post-3270","1":"product","2":"type-product","3":"status-publish","4":"has-post-thumbnail","6":"product_cat-fix-ablakok","7":"product_cat-uj-ablakok","8":"product_tag-belul-feher-hu","9":"product_tag-fix-ablak","10":"product_tag-kint-aranytolgy","11":"product_tag-uj-hu","13":"first","14":"outofstock","15":"shipping-taxable","16":"purchasable","17":"product-type-simple"},"_links":{"self":[{"href":"https:\/\/www.oknadverelacno.sk\/hu\/wp-json\/wp\/v2\/product\/3270","targetHints":{"allow":["GET"]}}],"collection":[{"href":"https:\/\/www.oknadverelacno.sk\/hu\/wp-json\/wp\/v2\/product"}],"about":[{"href":"https:\/\/www.oknadverelacno.sk\/hu\/wp-json\/wp\/v2\/types\/product"}],"wp:featuredmedia":[{"embeddable":true,"href":"https:\/\/www.oknadverelacno.sk\/hu\/wp-json\/wp\/v2\/media\/3269"}],"wp:attachment":[{"href":"https:\/\/www.oknadverelacno.sk\/hu\/wp-json\/wp\/v2\/media?parent=3270"}],"wp:term":[{"taxonomy":"product_brand","embeddable":true,"href":"https:\/\/www.oknadverelacno.sk\/hu\/wp-json\/wp\/v2\/product_brand?post=3270"},{"taxonomy":"product_cat","embeddable":true,"href":"https:\/\/www.oknadverelacno.sk\/hu\/wp-json\/wp\/v2\/product_cat?post=3270"},{"taxonomy":"product_tag","embeddable":true,"href":"https:\/\/www.oknadverelacno.sk\/hu\/wp-json\/wp\/v2\/product_tag?post=3270"}],"curies":[{"name":"wp","href":"https:\/\/api.w.org\/{rel}","templated":true}]}}

<ul>
<li>Méretek szélesség/magasság</li>
<li>Méretek cm-ben</li>
<li>Az árak tartalmazzák az ÁFA-t.</li>
</ul>

<p id="tw-target-text" class="tw-data-text tw-text-large tw-ta" dir="ltr" data-placeholder="Preklad"><span class="Y2IQFc" lang="hu">Új, kívül arany tölgy, belül fehér fixablak, méretei: 81 cm x 140 cm. A tetőablak beszerelése után javul a fényáteresztés a térbe.</span></p>
<ul>
<li id="tw-target-text" class="tw-data-text tw-text-large XcVN5d tw-ta" dir="ltr" data-placeholder="Preklad"><span class="Y2IQFc" lang="hu">Szárnyak száma: fix </span></li>
<li dir="ltr" data-placeholder="Preklad">Szín: Aranytölgy/fehér</li>
<li class="tw-data-text tw-text-large XcVN5d tw-ta" dir="ltr" data-placeholder="Preklad"><span class="Y2IQFc" lang="hu">Üvegezés: kettős üvegezés</span></li>
<li class="tw-data-text tw-text-large XcVN5d tw-ta" dir="ltr" data-placeholder="Preklad"><span class="Y2IQFc" lang="hu">Méretek: </span></li>
<li class="tw-data-text tw-text-large XcVN5d tw-ta" dir="ltr" data-placeholder="Preklad"><span class="Y2IQFc" lang="hu">szélessége 81 cm </span></li>
<li class="tw-data-text tw-text-large XcVN5d tw-ta" dir="ltr" data-placeholder="Preklad"><span class="Y2IQFc" lang="hu">magassága 140 cm</span></li>
</ul>
