{"id":3254,"date":"2023-03-14T19:00:08","date_gmt":"2023-03-14T19:00:08","guid":{"rendered":"https:\/\/www.oknadverelacno.sk\/katalog\/muanyag-ablak-150-cm-x-117-cm-d-f"},"modified":"2023-03-14T19:00:08","modified_gmt":"2023-03-14T19:00:08","slug":"muanyag-ablak-150-cm-x-117-cm-d-f","status":"publish","type":"product","link":"https:\/\/www.oknadverelacno.sk\/hu\/katalog\/muanyag-ablak-150-cm-x-117-cm-d-f","title":{"rendered":"M\u0171anyag ablak 150 cm x 117 cm D\/F"},"content":{"rendered":"<ul>\n<li>M\u00e9retek sz\u00e9less\u00e9g\/magass\u00e1g<\/li>\n<li>M\u00e9retek cm-ben<\/li>\n<li>Az \u00e1rak tartalmazz\u00e1k az \u00c1FA-t.<\/li>\n<li>Re\u00e1lis term\u00e9kfot\u00f3k<\/li>\n<\/ul>\n","protected":false},"excerpt":{"rendered":"<ul>\n<li id=\"tw-target-text\" class=\"tw-data-text tw-text-large tw-ta\" dir=\"ltr\" data-placeholder=\"Preklad\"><span class=\"Y2IQFc\" lang=\"hu\">\u00daj, k\u00edv\u00fcl di\u00f3, bel\u00fcl feh\u00e9r, duplasz\u00e1rny\u00fa &#8211; az egyik sz\u00e1rny nyithat\u00f3, a m\u00e1sik ny\u00edl\u00f3 \u00e9s buk\u00f3, m\u0171anyag ablak sz\u00e9less\u00e9ge 150 cm x ma 117 cm. A term\u00e9k \u00e1ra tartalmazza az ablakkilincset \u00e9s a burkolatokat. \u00c9rdekl\u0151d\u00e9s eset\u00e9n egyedi gy\u00e1rt\u00e1s\u00fa rovarh\u00e1l\u00f3 v\u00e1s\u00e1rl\u00e1sa is lehets\u00e9ges. <\/span><\/li>\n<li class=\"tw-data-text tw-text-large tw-ta\" dir=\"ltr\" data-placeholder=\"Preklad\"><span class=\"Y2IQFc\" lang=\"hu\">Sz\u00e1rnyak sz\u00e1ma: k\u00e9tsz\u00e1rny\u00fa <\/span><\/li>\n<li class=\"tw-data-text tw-text-large tw-ta\" dir=\"ltr\" data-placeholder=\"Preklad\"><span class=\"Y2IQFc\" lang=\"hu\">1. sz\u00e1rny Ny: nyithat\u00f3<\/span><\/li>\n<li class=\"tw-data-text tw-text-large tw-ta\" dir=\"ltr\" data-placeholder=\"Preklad\"><span class=\"Y2IQFc\" lang=\"hu\">2. sz\u00e1rny Ny\/B: ny\u00edl\u00f3\/buk\u00f3<\/span><\/li>\n<li class=\"tw-data-text tw-text-large tw-ta\" dir=\"ltr\" data-placeholder=\"Preklad\"><span class=\"Y2IQFc\" lang=\"hu\"> \u00dcvegez\u00e9s: \u00e1tl\u00e1tsz\u00f3 dupla \u00fcvegez\u00e9s <\/span><\/li>\n<li class=\"tw-data-text tw-text-large tw-ta\" dir=\"ltr\" data-placeholder=\"Preklad\"><span class=\"Y2IQFc\" lang=\"hu\">Sz\u00edn: di\u00f3\/feh\u00e9r<\/span><\/li>\n<li class=\"tw-data-text tw-text-large tw-ta\" dir=\"ltr\" data-placeholder=\"Preklad\"><span class=\"Y2IQFc\" lang=\"hu\">M\u00e9retek: <\/span><\/li>\n<li class=\"tw-data-text tw-text-large tw-ta\" dir=\"ltr\" data-placeholder=\"Preklad\"><span class=\"Y2IQFc\" lang=\"hu\">sz\u00e9less\u00e9ge 150 cm <\/span><\/li>\n<li class=\"tw-data-text tw-text-large tw-ta\" dir=\"ltr\" data-placeholder=\"Preklad\"><span class=\"Y2IQFc\" lang=\"hu\">magass\u00e1ga 117 cm<\/span><\/li>\n<\/ul>\n","protected":false},"featured_media":3253,"template":"","meta":{"_et_pb_use_builder":"","_et_pb_old_content":"","_et_gb_content_width":""},"product_brand":[],"product_cat":[63,64],"product_tag":[328,485,481,484,147,146],"class_list":{"0":"post-3254","1":"product","2":"type-product","3":"status-publish","4":"has-post-thumbnail","6":"product_cat-uj-ablakok","7":"product_cat-uj-muanyag-ablak-ket-szarnyu","8":"product_tag-belul-feher","9":"product_tag-egyik-szarny-nyithato-hu","10":"product_tag-kivul-dio","11":"product_tag-masik-nyilo-es-buko","12":"product_tag-muanyag-ablak","13":"product_tag-uj","15":"first","16":"instock","17":"shipping-taxable","18":"purchasable","19":"product-type-simple"},"_links":{"self":[{"href":"https:\/\/www.oknadverelacno.sk\/hu\/wp-json\/wp\/v2\/product\/3254","targetHints":{"allow":["GET"]}}],"collection":[{"href":"https:\/\/www.oknadverelacno.sk\/hu\/wp-json\/wp\/v2\/product"}],"about":[{"href":"https:\/\/www.oknadverelacno.sk\/hu\/wp-json\/wp\/v2\/types\/product"}],"wp:featuredmedia":[{"embeddable":true,"href":"https:\/\/www.oknadverelacno.sk\/hu\/wp-json\/wp\/v2\/media\/3253"}],"wp:attachment":[{"href":"https:\/\/www.oknadverelacno.sk\/hu\/wp-json\/wp\/v2\/media?parent=3254"}],"wp:term":[{"taxonomy":"product_brand","embeddable":true,"href":"https:\/\/www.oknadverelacno.sk\/hu\/wp-json\/wp\/v2\/product_brand?post=3254"},{"taxonomy":"product_cat","embeddable":true,"href":"https:\/\/www.oknadverelacno.sk\/hu\/wp-json\/wp\/v2\/product_cat?post=3254"},{"taxonomy":"product_tag","embeddable":true,"href":"https:\/\/www.oknadverelacno.sk\/hu\/wp-json\/wp\/v2\/product_tag?post=3254"}],"curies":[{"name":"wp","href":"https:\/\/api.w.org\/{rel}","templated":true}]}}

Műanyag ablak 150 cm x 117 cm D/F

<ul>
<li>Méretek szélesség/magasság</li>
<li>Méretek cm-ben</li>
<li>Az árak tartalmazzák az ÁFA-t.</li>
<li>Reális termékfotók</li>
</ul>

<ul>
<li id="tw-target-text" class="tw-data-text tw-text-large tw-ta" dir="ltr" data-placeholder="Preklad"><span class="Y2IQFc" lang="hu">Új, kívül dió, belül fehér, duplaszárnyú &#8211; az egyik szárny nyitható, a másik nyíló és bukó, műanyag ablak szélessége 150 cm x ma 117 cm. A termék ára tartalmazza az ablakkilincset és a burkolatokat. Érdeklődés esetén egyedi gyártású rovarháló vásárlása is lehetséges. </span></li>
<li class="tw-data-text tw-text-large tw-ta" dir="ltr" data-placeholder="Preklad"><span class="Y2IQFc" lang="hu">Szárnyak száma: kétszárnyú </span></li>
<li class="tw-data-text tw-text-large tw-ta" dir="ltr" data-placeholder="Preklad"><span class="Y2IQFc" lang="hu">1. szárny Ny: nyitható</span></li>
<li class="tw-data-text tw-text-large tw-ta" dir="ltr" data-placeholder="Preklad"><span class="Y2IQFc" lang="hu">2. szárny Ny/B: nyíló/bukó</span></li>
<li class="tw-data-text tw-text-large tw-ta" dir="ltr" data-placeholder="Preklad"><span class="Y2IQFc" lang="hu"> Üvegezés: átlátszó dupla üvegezés </span></li>
<li class="tw-data-text tw-text-large tw-ta" dir="ltr" data-placeholder="Preklad"><span class="Y2IQFc" lang="hu">Szín: dió/fehér</span></li>
<li class="tw-data-text tw-text-large tw-ta" dir="ltr" data-placeholder="Preklad"><span class="Y2IQFc" lang="hu">Méretek: </span></li>
<li class="tw-data-text tw-text-large tw-ta" dir="ltr" data-placeholder="Preklad"><span class="Y2IQFc" lang="hu">szélessége 150 cm </span></li>
<li class="tw-data-text tw-text-large tw-ta" dir="ltr" data-placeholder="Preklad"><span class="Y2IQFc" lang="hu">magassága 117 cm</span></li>
</ul>
