{"id":3206,"date":"2023-03-11T18:37:33","date_gmt":"2023-03-11T18:37:33","guid":{"rendered":"https:\/\/www.oknadverelacno.sk\/katalog\/erkelyajto-101-cm-x-235-cm-balos-feher"},"modified":"2023-03-11T18:37:33","modified_gmt":"2023-03-11T18:37:33","slug":"erkelyajto-101-cm-x-235-cm-balos-feher","status":"publish","type":"product","link":"https:\/\/www.oknadverelacno.sk\/hu\/katalog\/erkelyajto-101-cm-x-235-cm-balos-feher","title":{"rendered":"Erk\u00e9lyajt\u00f3 101 cm x 235 cm balos \/feh\u00e9r"},"content":{"rendered":"<ul>\n<li>M\u00e9retek sz\u00e9less\u00e9g\/magass\u00e1g<\/li>\n<li>M\u00e9retek cm-ben<\/li>\n<li>Az \u00e1rak tartalmazz\u00e1k az \u00c1FA-t.<\/li>\n<\/ul>\n","protected":false},"excerpt":{"rendered":"<p class=\"tw-data-text tw-text-large XcVN5d tw-ta\" dir=\"ltr\" data-placeholder=\"Preklad\"><span lang=\"hu\">\u00daj, f<\/span><span class=\"Y2IQFc\" lang=\"hu\">eh\u00e9r<\/span><span lang=\"hu\">, balos, egysz\u00e1rny\u00fa erk\u00e9lyajt\u00f3, amelyek m\u00e9retei 101 cm x 235 cm. <\/span><span lang=\"hu\">A term\u00e9k \u00e1ra tartalmaz egy ablakfoganty\u00fat, bor\u00edt\u00f3kat \u00e9s p\u00e1rk\u00e1nyprofilt.<\/span><\/p>\n<ul>\n<li id=\"tw-target-text\" class=\"tw-data-text tw-text-large XcVN5d tw-ta\" dir=\"ltr\" data-placeholder=\"Preklad\"><span lang=\"hu\">Sz\u00e1rnyak sz\u00e1ma:\u00a0 egysz\u00e1rny\u00fa.<\/span><\/li>\n<li class=\"tw-data-text tw-text-large XcVN5d tw-ta\" dir=\"ltr\" data-placeholder=\"Preklad\"><span lang=\"hu\">\u00a0Sz\u00edn: Feh\u00e9r<\/span><\/li>\n<li class=\"tw-data-text tw-text-large XcVN5d tw-ta\" dir=\"ltr\" data-placeholder=\"Preklad\"><span lang=\"hu\">\u00a0Ny + B: nyit\u00e1s-billent\u00e9s.\u00a0<\/span><\/li>\n<li class=\"tw-data-text tw-text-large XcVN5d tw-ta\" dir=\"ltr\" data-placeholder=\"Preklad\"><span lang=\"hu\"> \u00dcvegez\u00e9s: tiszta dupla \u00fcvegez\u00e9s.\u00a0 <\/span><\/li>\n<li class=\"tw-data-text tw-text-large XcVN5d tw-ta\" dir=\"ltr\" data-placeholder=\"Preklad\"><span lang=\"hu\">Ablakprofil: WDS 70 ablakprofil.\u00a0<\/span><\/li>\n<li class=\"tw-data-text tw-text-large XcVN5d tw-ta\" dir=\"ltr\" data-placeholder=\"Preklad\"><span lang=\"hu\"> Szerelv\u00e9nyek: AXOR IPAR <\/span><\/li>\n<li class=\"tw-data-text tw-text-large XcVN5d tw-ta\" dir=\"ltr\" data-placeholder=\"Preklad\"><span lang=\"hu\">M\u00e9retek: sz\u00e9less\u00e9ge 101 cm<\/span><\/li>\n<li class=\"tw-data-text tw-text-large XcVN5d tw-ta\" dir=\"ltr\" data-placeholder=\"Preklad\"><span lang=\"hu\">\u00a0 \u00a0 \u00a0 \u00a0 \u00a0 \u00a0 \u00a0 \u00a0 magass\u00e1ga 235 cm<\/span><\/li>\n<\/ul>\n","protected":false},"featured_media":3205,"template":"","meta":{"_et_pb_use_builder":"","_et_pb_old_content":"","_et_gb_content_width":""},"product_brand":[],"product_cat":[226,60],"product_tag":[120,112,115,235,146,362],"class_list":{"0":"post-3206","1":"product","2":"type-product","3":"status-publish","4":"has-post-thumbnail","6":"product_cat-uj-erkelyajtok-es-teraszajtok","7":"product_cat-uj-muanyag-teraszajto-erkelyajto-egyszarnyu","8":"product_tag-balos","9":"product_tag-egyszarnyu","10":"product_tag-feher","11":"product_tag-teraszajto","12":"product_tag-uj","13":"product_tag-wds-70-hu","15":"first","16":"instock","17":"shipping-taxable","18":"purchasable","19":"product-type-simple"},"_links":{"self":[{"href":"https:\/\/www.oknadverelacno.sk\/hu\/wp-json\/wp\/v2\/product\/3206","targetHints":{"allow":["GET"]}}],"collection":[{"href":"https:\/\/www.oknadverelacno.sk\/hu\/wp-json\/wp\/v2\/product"}],"about":[{"href":"https:\/\/www.oknadverelacno.sk\/hu\/wp-json\/wp\/v2\/types\/product"}],"wp:featuredmedia":[{"embeddable":true,"href":"https:\/\/www.oknadverelacno.sk\/hu\/wp-json\/wp\/v2\/media\/3205"}],"wp:attachment":[{"href":"https:\/\/www.oknadverelacno.sk\/hu\/wp-json\/wp\/v2\/media?parent=3206"}],"wp:term":[{"taxonomy":"product_brand","embeddable":true,"href":"https:\/\/www.oknadverelacno.sk\/hu\/wp-json\/wp\/v2\/product_brand?post=3206"},{"taxonomy":"product_cat","embeddable":true,"href":"https:\/\/www.oknadverelacno.sk\/hu\/wp-json\/wp\/v2\/product_cat?post=3206"},{"taxonomy":"product_tag","embeddable":true,"href":"https:\/\/www.oknadverelacno.sk\/hu\/wp-json\/wp\/v2\/product_tag?post=3206"}],"curies":[{"name":"wp","href":"https:\/\/api.w.org\/{rel}","templated":true}]}}

Erkélyajtó 101 cm x 235 cm balos /fehér

<ul>
<li>Méretek szélesség/magasság</li>
<li>Méretek cm-ben</li>
<li>Az árak tartalmazzák az ÁFA-t.</li>
</ul>

<p class="tw-data-text tw-text-large XcVN5d tw-ta" dir="ltr" data-placeholder="Preklad"><span lang="hu">Új, f</span><span class="Y2IQFc" lang="hu">ehér</span><span lang="hu">, balos, egyszárnyú erkélyajtó, amelyek méretei 101 cm x 235 cm. </span><span lang="hu">A termék ára tartalmaz egy ablakfogantyút, borítókat és párkányprofilt.</span></p>
<ul>
<li id="tw-target-text" class="tw-data-text tw-text-large XcVN5d tw-ta" dir="ltr" data-placeholder="Preklad"><span lang="hu">Szárnyak száma:  egyszárnyú.</span></li>
<li class="tw-data-text tw-text-large XcVN5d tw-ta" dir="ltr" data-placeholder="Preklad"><span lang="hu"> Szín: Fehér</span></li>
<li class="tw-data-text tw-text-large XcVN5d tw-ta" dir="ltr" data-placeholder="Preklad"><span lang="hu"> Ny + B: nyitás-billentés. </span></li>
<li class="tw-data-text tw-text-large XcVN5d tw-ta" dir="ltr" data-placeholder="Preklad"><span lang="hu"> Üvegezés: tiszta dupla üvegezés.  </span></li>
<li class="tw-data-text tw-text-large XcVN5d tw-ta" dir="ltr" data-placeholder="Preklad"><span lang="hu">Ablakprofil: WDS 70 ablakprofil. </span></li>
<li class="tw-data-text tw-text-large XcVN5d tw-ta" dir="ltr" data-placeholder="Preklad"><span lang="hu"> Szerelvények: AXOR IPAR </span></li>
<li class="tw-data-text tw-text-large XcVN5d tw-ta" dir="ltr" data-placeholder="Preklad"><span lang="hu">Méretek: szélessége 101 cm</span></li>
<li class="tw-data-text tw-text-large XcVN5d tw-ta" dir="ltr" data-placeholder="Preklad"><span lang="hu">                magassága 235 cm</span></li>
</ul>
