{"id":2893,"date":"2022-01-05T16:06:02","date_gmt":"2022-01-05T16:06:02","guid":{"rendered":"https:\/\/www.oknadverelacno.sk\/katalog\/muanyag-bejarati-ajto-85-cm-x-200-cm-balos-at-f"},"modified":"2022-01-05T16:06:02","modified_gmt":"2022-01-05T16:06:02","slug":"muanyag-bejarati-ajto-85-cm-x-200-cm-balos-at-f","status":"publish","type":"product","link":"https:\/\/www.oknadverelacno.sk\/hu\/katalog\/muanyag-bejarati-ajto-85-cm-x-200-cm-balos-at-f","title":{"rendered":"M\u0171anyag bej\u00e1rati ajt\u00f3 85 cm x 200 cm balos AT\/F"},"content":{"rendered":"<ul>\n<li>M\u00e9retek sz\u00e9less\u00e9g\/magass\u00e1g<\/li>\n<li>M\u00e9retek cm-ben<\/li>\n<li>Az \u00e1rak tartalmazz\u00e1k az \u00c1FA<\/li>\n<\/ul>\n","protected":false},"excerpt":{"rendered":"<p id=\"tw-target-text\" class=\"tw-data-text tw-text-large tw-ta\" dir=\"ltr\" data-placeholder=\"Preklad\">\u00daj, egysz\u00e1rny\u00fa, <span class=\"Y2IQFc\" lang=\"hu\">teljesen \u00fcveges, bal<\/span>os, <span class=\"Y2IQFc\" lang=\"hu\">k\u00edv\u00fcl aranyt\u00f6lgy, bel\u00fcl feh\u00e9r<\/span><span lang=\"hu\">,<\/span> m\u0171anyag bej\u00e1rati ajt\u00f3. <span lang=\"hu\">\u00a0<\/span>Az ajt\u00f3 m\u00e9retei: 85 cm sz\u00e9les, 200 cm magas. Minden ajt\u00f3 1 ponton z\u00e1r\u00f3d\u00f3, 3 darab <span class=\"Y2IQFc\" lang=\"hu\">ablakp\u00e1nttal <\/span>\u00e9s alum\u00ednium k\u00fcsz\u00f6bbel rendelkezik. Az \u00e1r tartalmazza a hozz\u00e1val\u00f3 ajt\u00f3kilincset \u00e9s a z\u00e1rbet\u00e9tet 3 db kulccsal. <span lang=\"hu\">Az ablakok szigetel\u0151 kett\u0151s \u00fcvegez\u00e9ssel vannak ell\u00e1tva.<\/span><\/p>\n<ul>\n<li id=\"tw-target-text\" class=\"tw-data-text tw-text-large XcVN5d tw-ta\" dir=\"ltr\" data-placeholder=\"Preklad\"><span lang=\"hu\">Sz\u00e1rnyak sz\u00e1ma: egy<\/span>sz\u00e1rny\u00fa<\/li>\n<li class=\"tw-data-text tw-text-large XcVN5d tw-ta\" dir=\"ltr\" data-placeholder=\"Preklad\"><span lang=\"hu\">Sz\u00edn : aranyt\u00f6lgy \/ feh\u00e9r<\/span><\/li>\n<li class=\"tw-data-text tw-text-large XcVN5d tw-ta\" dir=\"ltr\" data-placeholder=\"Preklad\"><span lang=\"hu\">\u00dcvegez\u00e9s: tiszta dupla \u00fcvegez\u00e9s <\/span><\/li>\n<li class=\"tw-data-text tw-text-large XcVN5d tw-ta\" dir=\"ltr\" data-placeholder=\"Preklad\"><span lang=\"hu\">Profil: WDS 70 profil <\/span><\/li>\n<li class=\"tw-data-text tw-text-large XcVN5d tw-ta\" dir=\"ltr\" data-placeholder=\"Preklad\"><span lang=\"hu\">Szerelv\u00e9nyek: AXOR INDUSTRY\u00a0<\/span><\/li>\n<\/ul>\n<p>M\u00e9retek:<br \/>sz\u00e9less\u00e9g\u00a0 85 cm<br \/>magass\u00e1g\u00a0 200 cm<\/p>\n","protected":false},"featured_media":2886,"template":"","meta":{"_et_pb_use_builder":"","_et_pb_old_content":"","_et_gb_content_width":""},"product_brand":[],"product_cat":[58,62],"product_tag":[120,328,112,329,247,353,146,362],"class_list":{"0":"post-2893","1":"product","2":"type-product","3":"status-publish","4":"has-post-thumbnail","6":"product_cat-uj-bejarati-ajtok","7":"product_cat-uj-muanyag-bejarati-ajto-egy-szarnyu","8":"product_tag-balos","9":"product_tag-belul-feher","10":"product_tag-egyszarnyu","11":"product_tag-kint-aranytolgy","12":"product_tag-muanyag-bejarati-ajto","13":"product_tag-teljes-uveg-bejarati-ajto","14":"product_tag-uj","15":"product_tag-wds-70-hu","17":"first","18":"instock","19":"shipping-taxable","20":"purchasable","21":"product-type-simple"},"_links":{"self":[{"href":"https:\/\/www.oknadverelacno.sk\/hu\/wp-json\/wp\/v2\/product\/2893","targetHints":{"allow":["GET"]}}],"collection":[{"href":"https:\/\/www.oknadverelacno.sk\/hu\/wp-json\/wp\/v2\/product"}],"about":[{"href":"https:\/\/www.oknadverelacno.sk\/hu\/wp-json\/wp\/v2\/types\/product"}],"wp:featuredmedia":[{"embeddable":true,"href":"https:\/\/www.oknadverelacno.sk\/hu\/wp-json\/wp\/v2\/media\/2886"}],"wp:attachment":[{"href":"https:\/\/www.oknadverelacno.sk\/hu\/wp-json\/wp\/v2\/media?parent=2893"}],"wp:term":[{"taxonomy":"product_brand","embeddable":true,"href":"https:\/\/www.oknadverelacno.sk\/hu\/wp-json\/wp\/v2\/product_brand?post=2893"},{"taxonomy":"product_cat","embeddable":true,"href":"https:\/\/www.oknadverelacno.sk\/hu\/wp-json\/wp\/v2\/product_cat?post=2893"},{"taxonomy":"product_tag","embeddable":true,"href":"https:\/\/www.oknadverelacno.sk\/hu\/wp-json\/wp\/v2\/product_tag?post=2893"}],"curies":[{"name":"wp","href":"https:\/\/api.w.org\/{rel}","templated":true}]}}

Műanyag bejárati ajtó 85 cm x 200 cm balos AT/F

<ul>
<li>Méretek szélesség/magasság</li>
<li>Méretek cm-ben</li>
<li>Az árak tartalmazzák az ÁFA</li>
</ul>

<p id="tw-target-text" class="tw-data-text tw-text-large tw-ta" dir="ltr" data-placeholder="Preklad">Új, egyszárnyú, <span class="Y2IQFc" lang="hu">teljesen üveges, bal</span>os, <span class="Y2IQFc" lang="hu">kívül aranytölgy, belül fehér</span><span lang="hu">,</span> műanyag bejárati ajtó. <span lang="hu"> </span>Az ajtó méretei: 85 cm széles, 200 cm magas. Minden ajtó 1 ponton záródó, 3 darab <span class="Y2IQFc" lang="hu">ablakpánttal </span>és alumínium küszöbbel rendelkezik. Az ár tartalmazza a hozzávaló ajtókilincset és a zárbetétet 3 db kulccsal. <span lang="hu">Az ablakok szigetelő kettős üvegezéssel vannak ellátva.</span></p>
<ul>
<li id="tw-target-text" class="tw-data-text tw-text-large XcVN5d tw-ta" dir="ltr" data-placeholder="Preklad"><span lang="hu">Szárnyak száma: egy</span>szárnyú</li>
<li class="tw-data-text tw-text-large XcVN5d tw-ta" dir="ltr" data-placeholder="Preklad"><span lang="hu">Szín : aranytölgy / fehér</span></li>
<li class="tw-data-text tw-text-large XcVN5d tw-ta" dir="ltr" data-placeholder="Preklad"><span lang="hu">Üvegezés: tiszta dupla üvegezés </span></li>
<li class="tw-data-text tw-text-large XcVN5d tw-ta" dir="ltr" data-placeholder="Preklad"><span lang="hu">Profil: WDS 70 profil </span></li>
<li class="tw-data-text tw-text-large XcVN5d tw-ta" dir="ltr" data-placeholder="Preklad"><span lang="hu">Szerelvények: AXOR INDUSTRY </span></li>
</ul>
<p>Méretek:<br />szélesség  85 cm<br />magasság  200 cm</p>
