{"id":2788,"date":"2021-11-25T14:33:23","date_gmt":"2021-11-25T14:33:23","guid":{"rendered":"https:\/\/www.oknadverelacno.sk\/katalog\/fix-ablak-100-cm-x-205-cm"},"modified":"2021-12-09T13:09:54","modified_gmt":"2021-12-09T13:09:54","slug":"fix-ablak-100-cm-x-205-cm","status":"publish","type":"product","link":"https:\/\/www.oknadverelacno.sk\/hu\/katalog\/fix-ablak-100-cm-x-205-cm","title":{"rendered":"Fix ablak 100 cm x 205 cm"},"content":{"rendered":"<ul>\n<li>M\u00e9retek sz\u00e9less\u00e9g\/magass\u00e1g<\/li>\n<li>M\u00e9retek cm-ben<\/li>\n<li>Az \u00e1rak tartalmazz\u00e1k az \u00c1FA-t.<\/li>\n<\/ul>\n","protected":false},"excerpt":{"rendered":"<p><span class=\"Y2IQFc\" lang=\"hu\">\u00daj, k\u00edv\u00fcl arany t\u00f6lgy, bel\u00fcl feh\u00e9r, fix m\u0171anyag ablak sz\u00e9less\u00e9ge 100 cm x ma 205 cm.<\/span><\/p>\n<ul>\n<li id=\"tw-target-text\" class=\"tw-data-text tw-text-large tw-ta\" dir=\"ltr\" data-placeholder=\"Preklad\"><span class=\"Y2IQFc\" lang=\"hu\">Sz\u00edn: arany t\u00f6lgy \/ feh\u00e9r <\/span><\/li>\n<li class=\"tw-data-text tw-text-large tw-ta\" dir=\"ltr\" data-placeholder=\"Preklad\"><span class=\"Y2IQFc\" lang=\"hu\">\u00dcvegez\u00e9s: \u00e1tl\u00e1tsz\u00f3 dupla \u00fcvegez\u00e9s <\/span><\/li>\n<li class=\"tw-data-text tw-text-large tw-ta\" dir=\"ltr\" data-placeholder=\"Preklad\"><span class=\"Y2IQFc\" lang=\"hu\">Ablakprofil: WDS 70 ablakprofil<\/span><\/li>\n<li class=\"tw-data-text tw-text-large tw-ta\" dir=\"ltr\" data-placeholder=\"Preklad\"><span class=\"Y2IQFc\" lang=\"hu\">M\u00e9retek: sz\u00e9less\u00e9ge 100 cm <\/span><\/li>\n<li class=\"tw-data-text tw-text-large tw-ta\" dir=\"ltr\" data-placeholder=\"Preklad\"><span class=\"Y2IQFc\" lang=\"hu\">\u00a0 \u00a0 \u00a0 \u00a0 \u00a0 \u00a0 \u00a0 \u00a0 magass\u00e1ga 205 cm<\/span><\/li>\n<\/ul>\n","protected":false},"featured_media":3324,"template":"","meta":{"_et_pb_use_builder":"","_et_pb_old_content":"","_et_gb_content_width":""},"product_brand":[],"product_cat":[68,63],"product_tag":[328,329,147,225,146],"class_list":{"0":"post-2788","1":"product","2":"type-product","3":"status-publish","4":"has-post-thumbnail","6":"product_cat-fix-ablakok","7":"product_cat-uj-ablakok","8":"product_tag-belul-feher","9":"product_tag-kint-aranytolgy","10":"product_tag-muanyag-ablak","11":"product_tag-rogzitett","12":"product_tag-uj","14":"first","15":"instock","16":"shipping-taxable","17":"purchasable","18":"product-type-simple"},"_links":{"self":[{"href":"https:\/\/www.oknadverelacno.sk\/hu\/wp-json\/wp\/v2\/product\/2788","targetHints":{"allow":["GET"]}}],"collection":[{"href":"https:\/\/www.oknadverelacno.sk\/hu\/wp-json\/wp\/v2\/product"}],"about":[{"href":"https:\/\/www.oknadverelacno.sk\/hu\/wp-json\/wp\/v2\/types\/product"}],"wp:featuredmedia":[{"embeddable":true,"href":"https:\/\/www.oknadverelacno.sk\/hu\/wp-json\/wp\/v2\/media\/3324"}],"wp:attachment":[{"href":"https:\/\/www.oknadverelacno.sk\/hu\/wp-json\/wp\/v2\/media?parent=2788"}],"wp:term":[{"taxonomy":"product_brand","embeddable":true,"href":"https:\/\/www.oknadverelacno.sk\/hu\/wp-json\/wp\/v2\/product_brand?post=2788"},{"taxonomy":"product_cat","embeddable":true,"href":"https:\/\/www.oknadverelacno.sk\/hu\/wp-json\/wp\/v2\/product_cat?post=2788"},{"taxonomy":"product_tag","embeddable":true,"href":"https:\/\/www.oknadverelacno.sk\/hu\/wp-json\/wp\/v2\/product_tag?post=2788"}],"curies":[{"name":"wp","href":"https:\/\/api.w.org\/{rel}","templated":true}]}}

<ul>
<li>Méretek szélesség/magasság</li>
<li>Méretek cm-ben</li>
<li>Az árak tartalmazzák az ÁFA-t.</li>
</ul>

<p><span class="Y2IQFc" lang="hu">Új, kívül arany tölgy, belül fehér, fix műanyag ablak szélessége 100 cm x ma 205 cm.</span></p>
<ul>
<li id="tw-target-text" class="tw-data-text tw-text-large tw-ta" dir="ltr" data-placeholder="Preklad"><span class="Y2IQFc" lang="hu">Szín: arany tölgy / fehér </span></li>
<li class="tw-data-text tw-text-large tw-ta" dir="ltr" data-placeholder="Preklad"><span class="Y2IQFc" lang="hu">Üvegezés: átlátszó dupla üvegezés </span></li>
<li class="tw-data-text tw-text-large tw-ta" dir="ltr" data-placeholder="Preklad"><span class="Y2IQFc" lang="hu">Ablakprofil: WDS 70 ablakprofil</span></li>
<li class="tw-data-text tw-text-large tw-ta" dir="ltr" data-placeholder="Preklad"><span class="Y2IQFc" lang="hu">Méretek: szélessége 100 cm </span></li>
<li class="tw-data-text tw-text-large tw-ta" dir="ltr" data-placeholder="Preklad"><span class="Y2IQFc" lang="hu">                magassága 205 cm</span></li>
</ul>
