{"id":2667,"date":"2021-08-26T14:01:59","date_gmt":"2021-08-26T14:01:59","guid":{"rendered":"https:\/\/www.oknadverelacno.sk\/katalog\/ablak-kilincs-sotetbarna-38"},"modified":"2021-08-26T14:01:59","modified_gmt":"2021-08-26T14:01:59","slug":"ablak-kilincs-sotetbarna-38","status":"publish","type":"product","link":"https:\/\/www.oknadverelacno.sk\/hu\/katalog\/ablak-kilincs-sotetbarna-38","title":{"rendered":"Ablak kilincs s\u00f6t\u00e9tbarna 38"},"content":{"rendered":"<ul>\n<li>M\u00e9retek mm-ben<\/li>\n<li>Az \u00e1rak tartalmazz\u00e1k az \u00c1FA-t.<\/li>\n<li>Re\u00e1lis term\u00e9kfot\u00f3k<\/li>\n<\/ul>\n","protected":false},"excerpt":{"rendered":"<p><span lang=\"hu\">A PVC ablakfoganty\u00fa minden szok\u00e1sos m\u0171anyag ablakhoz haszn\u00e1lhat\u00f3, 2 csavar\u00fa csomagban.<\/span><\/p>\n<p><span lang=\"hu\"> Sz\u00edn:<\/span><span class=\"Y2IQFc\" lang=\"hu\">s\u00f6t\u00e9tbarna<\/span><\/p>\n<p><span lang=\"hu\">T<b>engelym\u00e9ret<\/b> hossza: 38 mm<\/span><\/p>\n","protected":false},"featured_media":2664,"template":"","meta":{"_et_pb_use_builder":"","_et_pb_old_content":"","_et_gb_content_width":""},"product_brand":[],"product_cat":[79],"product_tag":[252,410,266,204,409],"class_list":{"0":"post-2667","1":"product","2":"type-product","3":"status-publish","4":"has-post-thumbnail","6":"product_cat-kiegeszitok","7":"product_tag-ablakfogantyu","8":"product_tag-csap-hossza-38-mm","9":"product_tag-muanyag-ablak-hu","10":"product_tag-pvc-hu","11":"product_tag-sotetbarna","13":"first","14":"instock","15":"shipping-taxable","16":"purchasable","17":"product-type-simple"},"_links":{"self":[{"href":"https:\/\/www.oknadverelacno.sk\/hu\/wp-json\/wp\/v2\/product\/2667","targetHints":{"allow":["GET"]}}],"collection":[{"href":"https:\/\/www.oknadverelacno.sk\/hu\/wp-json\/wp\/v2\/product"}],"about":[{"href":"https:\/\/www.oknadverelacno.sk\/hu\/wp-json\/wp\/v2\/types\/product"}],"wp:featuredmedia":[{"embeddable":true,"href":"https:\/\/www.oknadverelacno.sk\/hu\/wp-json\/wp\/v2\/media\/2664"}],"wp:attachment":[{"href":"https:\/\/www.oknadverelacno.sk\/hu\/wp-json\/wp\/v2\/media?parent=2667"}],"wp:term":[{"taxonomy":"product_brand","embeddable":true,"href":"https:\/\/www.oknadverelacno.sk\/hu\/wp-json\/wp\/v2\/product_brand?post=2667"},{"taxonomy":"product_cat","embeddable":true,"href":"https:\/\/www.oknadverelacno.sk\/hu\/wp-json\/wp\/v2\/product_cat?post=2667"},{"taxonomy":"product_tag","embeddable":true,"href":"https:\/\/www.oknadverelacno.sk\/hu\/wp-json\/wp\/v2\/product_tag?post=2667"}],"curies":[{"name":"wp","href":"https:\/\/api.w.org\/{rel}","templated":true}]}}

Ablak kilincs sötétbarna 38

<ul>
<li>Méretek mm-ben</li>
<li>Az árak tartalmazzák az ÁFA-t.</li>
<li>Reális termékfotók</li>
</ul>

<p><span lang="hu">A PVC ablakfogantyú minden szokásos műanyag ablakhoz használható, 2 csavarú csomagban.</span></p>
<p><span lang="hu"> Szín:</span><span class="Y2IQFc" lang="hu">sötétbarna</span></p>
<p><span lang="hu">T<b>engelyméret</b> hossza: 38 mm</span></p>
