{"id":1753,"date":"2020-11-30T13:08:21","date_gmt":"2020-11-30T13:08:21","guid":{"rendered":"https:\/\/www.oknadverelacno.sk\/katalog\/muanyag-bejarati-ajto-dio-feher-146-cm-x-224-cm-jobbos"},"modified":"2020-11-30T13:08:21","modified_gmt":"2020-11-30T13:08:21","slug":"muanyag-bejarati-ajto-dio-feher-146-cm-x-224-cm-jobbos","status":"publish","type":"product","link":"https:\/\/www.oknadverelacno.sk\/hu\/katalog\/muanyag-bejarati-ajto-dio-feher-146-cm-x-224-cm-jobbos","title":{"rendered":"M\u0171anyag bej\u00e1rati ajt\u00f3 di\u00f3\/feh\u00e9r 146 cm x 224 cm jobbos"},"content":{"rendered":"<ul>\n<li>M\u00e9retek sz\u00e9less\u00e9g\/magass\u00e1g<\/li>\n<li>M\u00e9retek cm-ben<\/li>\n<li>Az \u00e1rak tartalmazz\u00e1k az \u00c1FA-t.<\/li>\n<\/ul>\n","protected":false},"excerpt":{"rendered":"<p>K\u00e9tsz\u00e1rny\u00fa, kifel\u00e9 nyithat\u00f3,\u00a0 m\u0171anyag bej\u00e1rati ajt\u00f3. Az ajt\u00f3 m\u00e9retei: 146 cm sz\u00e9les, 224 cm magas. Bel\u00fcl feh\u00e9r + foganty\u00fa, k\u00edv\u00fcl di\u00f3 + 1 m rozsdamentes ac\u00e9l foganty\u00fa. Minden ajt\u00f3 5 ponton z\u00e1r\u00f3d\u00f3, 6 darab 3 dimenzi\u00f3ban \u00e1ll\u00edthat\u00f3 ajt\u00f3p\u00e1nttal \u00e9s alum\u00ednium k\u00fcsz\u00f6bbel. Az \u00e1r tartalmazza a hozz\u00e1val\u00f3 ajt\u00f3kilincset \u00e9s a z\u00e1rbet\u00e9tet 3 db kulccsal. <span lang=\"hu\">Az ablakok szigetel\u0151 kett\u0151s \u00fcvegez\u00e9ssel vannak ell\u00e1tva.<\/span><\/p>\n<p id=\"tw-target-text\" class=\"tw-data-text tw-text-large XcVN5d tw-ta\" dir=\"ltr\" data-placeholder=\"Preklad\"><span lang=\"hu\">M\u00e9retek: sz\u00e9less\u00e9ge 146 cm<\/span><\/p>\n<p class=\"tw-data-text tw-text-large XcVN5d tw-ta\" dir=\"ltr\" data-placeholder=\"Preklad\"><span lang=\"hu\">\u00a0 \u00a0 \u00a0 \u00a0 \u00a0 \u00a0 \u00a0 \u00a0 magass\u00e1ga 224 cm<\/span><\/p>\n","protected":false},"featured_media":1751,"template":"","meta":{"_et_pb_use_builder":"","_et_pb_old_content":"","_et_gb_content_width":""},"product_brand":[],"product_cat":[58,61],"product_tag":[111,114,123,348,113,349,146],"class_list":{"0":"post-1753","1":"product","2":"type-product","3":"status-publish","4":"has-post-thumbnail","6":"product_cat-uj-bejarati-ajtok","7":"product_cat-uj-muanyag-bejarati-ajto-ket-szarnyu","8":"product_tag-ajto","9":"product_tag-bejarati","10":"product_tag-ketszarnyu","11":"product_tag-kifele-nyithato","12":"product_tag-muanyag","13":"product_tag-rozsdamentes-acel-fogantyu","14":"product_tag-uj","16":"first","17":"outofstock","18":"shipping-taxable","19":"purchasable","20":"product-type-simple"},"_links":{"self":[{"href":"https:\/\/www.oknadverelacno.sk\/hu\/wp-json\/wp\/v2\/product\/1753","targetHints":{"allow":["GET"]}}],"collection":[{"href":"https:\/\/www.oknadverelacno.sk\/hu\/wp-json\/wp\/v2\/product"}],"about":[{"href":"https:\/\/www.oknadverelacno.sk\/hu\/wp-json\/wp\/v2\/types\/product"}],"wp:featuredmedia":[{"embeddable":true,"href":"https:\/\/www.oknadverelacno.sk\/hu\/wp-json\/wp\/v2\/media\/1751"}],"wp:attachment":[{"href":"https:\/\/www.oknadverelacno.sk\/hu\/wp-json\/wp\/v2\/media?parent=1753"}],"wp:term":[{"taxonomy":"product_brand","embeddable":true,"href":"https:\/\/www.oknadverelacno.sk\/hu\/wp-json\/wp\/v2\/product_brand?post=1753"},{"taxonomy":"product_cat","embeddable":true,"href":"https:\/\/www.oknadverelacno.sk\/hu\/wp-json\/wp\/v2\/product_cat?post=1753"},{"taxonomy":"product_tag","embeddable":true,"href":"https:\/\/www.oknadverelacno.sk\/hu\/wp-json\/wp\/v2\/product_tag?post=1753"}],"curies":[{"name":"wp","href":"https:\/\/api.w.org\/{rel}","templated":true}]}}

Műanyag bejárati ajtó dió/fehér 146 cm x 224 cm jobbos

<ul>
<li>Méretek szélesség/magasság</li>
<li>Méretek cm-ben</li>
<li>Az árak tartalmazzák az ÁFA-t.</li>
</ul>

<p>Kétszárnyú, kifelé nyitható,  műanyag bejárati ajtó. Az ajtó méretei: 146 cm széles, 224 cm magas. Belül fehér + fogantyú, kívül dió + 1 m rozsdamentes acél fogantyú. Minden ajtó 5 ponton záródó, 6 darab 3 dimenzióban állítható ajtópánttal és alumínium küszöbbel. Az ár tartalmazza a hozzávaló ajtókilincset és a zárbetétet 3 db kulccsal. <span lang="hu">Az ablakok szigetelő kettős üvegezéssel vannak ellátva.</span></p>
<p id="tw-target-text" class="tw-data-text tw-text-large XcVN5d tw-ta" dir="ltr" data-placeholder="Preklad"><span lang="hu">Méretek: szélessége 146 cm</span></p>
<p class="tw-data-text tw-text-large XcVN5d tw-ta" dir="ltr" data-placeholder="Preklad"><span lang="hu">                magassága 224 cm</span></p>
