{"id":1735,"date":"2020-11-30T10:30:10","date_gmt":"2020-11-30T10:30:10","guid":{"rendered":"https:\/\/www.oknadverelacno.sk\/katalog\/muanyag-ablak-100-cm-x-205-cm-fix"},"modified":"2020-11-30T10:30:10","modified_gmt":"2020-11-30T10:30:10","slug":"muanyag-ablak-100-cm-x-205-cm-fix","status":"publish","type":"product","link":"https:\/\/www.oknadverelacno.sk\/hu\/katalog\/muanyag-ablak-100-cm-x-205-cm-fix","title":{"rendered":"M\u0171anyag ablak 100 cm x 205 cm Fix"},"content":{"rendered":"<ul>\n<li>M\u00e9retek sz\u00e9less\u00e9g\/magass\u00e1g<\/li>\n<li>M\u00e9retek cm-ben<\/li>\n<li>Az \u00e1rak tartalmazz\u00e1k az \u00c1FA-t.<\/li>\n<li>Re\u00e1lis term\u00e9kfot\u00f3k<\/li>\n<\/ul>\n","protected":false},"excerpt":{"rendered":"<p>\u00daj, feh\u00e9r, fix m\u0171anyag ablak. Az ablak m\u00e9retei: 100 cm sz\u00e9les, 205 cm magas.<\/p>\n<p>\u00dcvegez\u00e9s: 2 r\u00e9teg\u0171 \u00fcveg<br \/>Sz\u00edne: feh\u00e9r<br \/>Profil: WDS 70<\/p>\n<p>M\u00e9retek:<br \/>sz\u00e9less\u00e9g 100 cm<br \/>magass\u00e1g 205 cm<\/p>\n","protected":false},"featured_media":1713,"template":"","meta":{"_et_pb_use_builder":"","_et_pb_old_content":"","_et_gb_content_width":""},"product_brand":[],"product_cat":[68,63],"product_tag":[115,147,225,146],"class_list":{"0":"post-1735","1":"product","2":"type-product","3":"status-publish","4":"has-post-thumbnail","6":"product_cat-fix-ablakok","7":"product_cat-uj-ablakok","8":"product_tag-feher","9":"product_tag-muanyag-ablak","10":"product_tag-rogzitett","11":"product_tag-uj","13":"first","14":"instock","15":"shipping-taxable","16":"purchasable","17":"product-type-simple"},"_links":{"self":[{"href":"https:\/\/www.oknadverelacno.sk\/hu\/wp-json\/wp\/v2\/product\/1735","targetHints":{"allow":["GET"]}}],"collection":[{"href":"https:\/\/www.oknadverelacno.sk\/hu\/wp-json\/wp\/v2\/product"}],"about":[{"href":"https:\/\/www.oknadverelacno.sk\/hu\/wp-json\/wp\/v2\/types\/product"}],"wp:featuredmedia":[{"embeddable":true,"href":"https:\/\/www.oknadverelacno.sk\/hu\/wp-json\/wp\/v2\/media\/1713"}],"wp:attachment":[{"href":"https:\/\/www.oknadverelacno.sk\/hu\/wp-json\/wp\/v2\/media?parent=1735"}],"wp:term":[{"taxonomy":"product_brand","embeddable":true,"href":"https:\/\/www.oknadverelacno.sk\/hu\/wp-json\/wp\/v2\/product_brand?post=1735"},{"taxonomy":"product_cat","embeddable":true,"href":"https:\/\/www.oknadverelacno.sk\/hu\/wp-json\/wp\/v2\/product_cat?post=1735"},{"taxonomy":"product_tag","embeddable":true,"href":"https:\/\/www.oknadverelacno.sk\/hu\/wp-json\/wp\/v2\/product_tag?post=1735"}],"curies":[{"name":"wp","href":"https:\/\/api.w.org\/{rel}","templated":true}]}}

Műanyag ablak 100 cm x 205 cm Fix

<ul>
<li>Méretek szélesség/magasság</li>
<li>Méretek cm-ben</li>
<li>Az árak tartalmazzák az ÁFA-t.</li>
<li>Reális termékfotók</li>
</ul>

<p>Új, fehér, fix műanyag ablak. Az ablak méretei: 100 cm széles, 205 cm magas.</p>
<p>Üvegezés: 2 rétegű üveg<br />Színe: fehér<br />Profil: WDS 70</p>
<p>Méretek:<br />szélesség 100 cm<br />magasság 205 cm</p>
