{"id":1479,"date":"2020-10-15T09:32:52","date_gmt":"2020-10-15T09:32:52","guid":{"rendered":"https:\/\/www.oknadverelacno.sk\/katalog\/szunyoghalokeret-ablakra-100cm-x-120cm-feher"},"modified":"2020-10-15T09:32:52","modified_gmt":"2020-10-15T09:32:52","slug":"szunyoghalokeret-ablakra-100cm-x-120cm-feher","status":"publish","type":"product","link":"https:\/\/www.oknadverelacno.sk\/hu\/katalog\/szunyoghalokeret-ablakra-100cm-x-120cm-feher","title":{"rendered":"Sz\u00fanyogh\u00e1l\u00f3keret ablakra  100cm x 120cm feh\u00e9r"},"content":{"rendered":"<ul>\n<li>Az \u00e1rak tartalmazz\u00e1k az \u00c1FA-t<\/li>\n<li>Re\u00e1lis term\u00e9kfot\u00f3k<\/li>\n<li><span lang=\"hu\">Egyszer\u0171 telep\u00edt\u00e9s<\/span><\/li>\n<\/ul>\n","protected":false},"excerpt":{"rendered":"<p><span lang=\"hu\">A sz\u00fanyogh\u00e1l\u00f3kat k\u00f6zvetlen\u00fcl az \u00fcgyfelek ig\u00e9nyeinek megfelel\u0151 m\u00e9r\u00e9sre k\u00e9sz\u00edtik.K\u00e9sz h\u00e1l\u00f3kat is k\u00edn\u00e1lunk. Egyszer\u0171 telep\u00edt\u00e9s.<\/span><\/p>\n","protected":false},"featured_media":1431,"template":"","meta":{"_et_pb_use_builder":"","_et_pb_old_content":"","_et_gb_content_width":""},"product_brand":[],"product_cat":[79,83],"product_tag":[149,308,312,313],"class_list":{"0":"post-1479","1":"product","2":"type-product","3":"status-publish","4":"has-post-thumbnail","6":"product_cat-kiegeszitok","7":"product_cat-szunyoghalok","8":"product_tag-ablak","9":"product_tag-halo-hu-2","10":"product_tag-szunyoghalo-hu-3","11":"product_tag-szunyoghalo-hu-4","13":"first","14":"instock","15":"shipping-taxable","16":"purchasable","17":"product-type-simple"},"_links":{"self":[{"href":"https:\/\/www.oknadverelacno.sk\/hu\/wp-json\/wp\/v2\/product\/1479","targetHints":{"allow":["GET"]}}],"collection":[{"href":"https:\/\/www.oknadverelacno.sk\/hu\/wp-json\/wp\/v2\/product"}],"about":[{"href":"https:\/\/www.oknadverelacno.sk\/hu\/wp-json\/wp\/v2\/types\/product"}],"wp:featuredmedia":[{"embeddable":true,"href":"https:\/\/www.oknadverelacno.sk\/hu\/wp-json\/wp\/v2\/media\/1431"}],"wp:attachment":[{"href":"https:\/\/www.oknadverelacno.sk\/hu\/wp-json\/wp\/v2\/media?parent=1479"}],"wp:term":[{"taxonomy":"product_brand","embeddable":true,"href":"https:\/\/www.oknadverelacno.sk\/hu\/wp-json\/wp\/v2\/product_brand?post=1479"},{"taxonomy":"product_cat","embeddable":true,"href":"https:\/\/www.oknadverelacno.sk\/hu\/wp-json\/wp\/v2\/product_cat?post=1479"},{"taxonomy":"product_tag","embeddable":true,"href":"https:\/\/www.oknadverelacno.sk\/hu\/wp-json\/wp\/v2\/product_tag?post=1479"}],"curies":[{"name":"wp","href":"https:\/\/api.w.org\/{rel}","templated":true}]}}

Szúnyoghálókeret ablakra  100cm x 120cm fehér

<ul>
<li>Az árak tartalmazzák az ÁFA-t</li>
<li>Reális termékfotók</li>
<li><span lang="hu">Egyszerű telepítés</span></li>
</ul>

<p><span lang="hu">A szúnyoghálókat közvetlenül az ügyfelek igényeinek megfelelő mérésre készítik.Kész hálókat is kínálunk. Egyszerű telepítés.</span></p>
