{"id":1458,"date":"2020-10-09T11:04:14","date_gmt":"2020-10-09T11:04:14","guid":{"rendered":"https:\/\/www.oknadverelacno.sk\/katalog\/muanyag-ablak-170-cm-x-140-cm-bny-fix-jobbos"},"modified":"2020-10-09T11:04:14","modified_gmt":"2020-10-09T11:04:14","slug":"muanyag-ablak-170-cm-x-140-cm-bny-fix-jobbos","status":"publish","type":"product","link":"https:\/\/www.oknadverelacno.sk\/hu\/katalog\/muanyag-ablak-170-cm-x-140-cm-bny-fix-jobbos","title":{"rendered":"M\u0171anyag ablak 170 cm x 140 cm B+Ny\/fix jobbos"},"content":{"rendered":"<ul>\n<li>M\u00e9retek sz\u00e9less\u00e9g\/magass\u00e1g<\/li>\n<li>M\u00e9retek cm-ben<\/li>\n<li>Az \u00e1rak tartalmazz\u00e1k az \u00c1FA-t.<\/li>\n<li>Re\u00e1lis term\u00e9kfot\u00f3k<\/li>\n<\/ul>\n","protected":false},"excerpt":{"rendered":"<p>\u00daj, k\u00e9tsz\u00e1rny\u00fa, feh\u00e9r, buk\u00f3-ny\u00edl\u00f3\/fix, jobbos m\u0171anyag ablak. Az ablak m\u00e9retei: 170 cm sz\u00e9les, 140 cm magas. Az \u00e1r tartalmazza a hozz\u00e1val\u00f3 ablakkilincset, v\u00e9gz\u00e1r\u00f3kat \u00e9s a p\u00e1rk\u00e1nyfogad\u00f3t.<\/p>\n<p>Sz\u00e1rnyak: k\u00e9tsz\u00e1rny\u00fa<br \/>1. sz\u00e1rny B+Ny: buk\u00f3-ny\u00edl\u00f3<br \/>2. sz\u00e1rny : fix<br \/>\u00dcvegez\u00e9s: 2 r\u00e9teg\u0171 \u00fcveg<br \/>Sz\u00edne: feh\u00e9r<br \/>Profil: WDS 70<br \/>Vasalat: AXOR INDUSTRY<br \/>M\u00e9retek:<br \/>sz\u00e9less\u00e9g 170 cm<br \/>magass\u00e1g 140 cm<\/p>\n","protected":false},"featured_media":1351,"template":"","meta":{"_et_pb_use_builder":"","_et_pb_old_content":"","_et_gb_content_width":""},"product_brand":[],"product_cat":[63,64],"product_tag":[149,115,113,225,146],"class_list":{"0":"post-1458","1":"product","2":"type-product","3":"status-publish","4":"has-post-thumbnail","6":"product_cat-uj-ablakok","7":"product_cat-uj-muanyag-ablak-ket-szarnyu","8":"product_tag-ablak","9":"product_tag-feher","10":"product_tag-muanyag","11":"product_tag-rogzitett","12":"product_tag-uj","14":"first","15":"outofstock","16":"shipping-taxable","17":"purchasable","18":"product-type-simple"},"_links":{"self":[{"href":"https:\/\/www.oknadverelacno.sk\/hu\/wp-json\/wp\/v2\/product\/1458","targetHints":{"allow":["GET"]}}],"collection":[{"href":"https:\/\/www.oknadverelacno.sk\/hu\/wp-json\/wp\/v2\/product"}],"about":[{"href":"https:\/\/www.oknadverelacno.sk\/hu\/wp-json\/wp\/v2\/types\/product"}],"wp:featuredmedia":[{"embeddable":true,"href":"https:\/\/www.oknadverelacno.sk\/hu\/wp-json\/wp\/v2\/media\/1351"}],"wp:attachment":[{"href":"https:\/\/www.oknadverelacno.sk\/hu\/wp-json\/wp\/v2\/media?parent=1458"}],"wp:term":[{"taxonomy":"product_brand","embeddable":true,"href":"https:\/\/www.oknadverelacno.sk\/hu\/wp-json\/wp\/v2\/product_brand?post=1458"},{"taxonomy":"product_cat","embeddable":true,"href":"https:\/\/www.oknadverelacno.sk\/hu\/wp-json\/wp\/v2\/product_cat?post=1458"},{"taxonomy":"product_tag","embeddable":true,"href":"https:\/\/www.oknadverelacno.sk\/hu\/wp-json\/wp\/v2\/product_tag?post=1458"}],"curies":[{"name":"wp","href":"https:\/\/api.w.org\/{rel}","templated":true}]}}

Műanyag ablak 170 cm x 140 cm B+Ny/fix jobbos

<ul>
<li>Méretek szélesség/magasság</li>
<li>Méretek cm-ben</li>
<li>Az árak tartalmazzák az ÁFA-t.</li>
<li>Reális termékfotók</li>
</ul>

<p>Új, kétszárnyú, fehér, bukó-nyíló/fix, jobbos műanyag ablak. Az ablak méretei: 170 cm széles, 140 cm magas. Az ár tartalmazza a hozzávaló ablakkilincset, végzárókat és a párkányfogadót.</p>
<p>Szárnyak: kétszárnyú<br />1. szárny B+Ny: bukó-nyíló<br />2. szárny : fix<br />Üvegezés: 2 rétegű üveg<br />Színe: fehér<br />Profil: WDS 70<br />Vasalat: AXOR INDUSTRY<br />Méretek:<br />szélesség 170 cm<br />magasság 140 cm</p>
